Last updated on 2024-06-29 11:49:19 CEST.
Flavor | Version | Tinstall | Tcheck | Ttotal | Status | Flags |
---|---|---|---|---|---|---|
r-devel-linux-x86_64-debian-clang | 0.4 | 17.70 | 152.55 | 170.25 | OK | |
r-devel-linux-x86_64-debian-gcc | 0.4 | 15.46 | 111.49 | 126.95 | OK | |
r-devel-linux-x86_64-fedora-clang | 0.4 | 211.33 | OK | |||
r-devel-linux-x86_64-fedora-gcc | 0.4 | 210.87 | OK | |||
r-devel-windows-x86_64 | 0.4 | 17.00 | 117.00 | 134.00 | OK | |
r-patched-linux-x86_64 | 0.4 | 16.73 | 140.68 | 157.41 | OK | |
r-release-linux-x86_64 | 0.4 | 11.85 | 145.18 | 157.03 | OK | |
r-release-macos-arm64 | 0.4 | 5.00 | ERROR | |||
r-release-macos-x86_64 | 0.4 | 7.00 | ERROR | |||
r-release-windows-x86_64 | 0.4 | 17.00 | 115.00 | 132.00 | OK | |
r-oldrel-macos-arm64 | 0.4 | 9.00 | ERROR | |||
r-oldrel-macos-x86_64 | 0.4 | 10.00 | ERROR | |||
r-oldrel-windows-x86_64 | 0.4 | 23.00 | 145.00 | 168.00 | OK |
Version: 0.4
Check: package dependencies
Result: ERROR
Package required but not available: ‘mixAK’
See section ‘The DESCRIPTION file’ in the ‘Writing R Extensions’
manual.
Flavors: r-release-macos-arm64, r-release-macos-x86_64, r-oldrel-macos-arm64, r-oldrel-macos-x86_64