Last updated on 2025-05-09 04:52:04 CEST.
Flavor | Version | Tinstall | Tcheck | Ttotal | Status | Flags |
---|---|---|---|---|---|---|
r-devel-linux-x86_64-debian-clang | 1.0.11 | 7.23 | 600.06 | 607.29 | NOTE | |
r-devel-linux-x86_64-debian-gcc | 1.0.11 | 5.15 | 440.04 | 445.19 | NOTE | |
r-devel-linux-x86_64-fedora-clang | 1.0.11 | 1005.44 | OK | |||
r-devel-linux-x86_64-fedora-gcc | 1.0.11 | 990.44 | OK | |||
r-devel-windows-x86_64 | 1.0.11 | 8.00 | 391.00 | 399.00 | OK | |
r-patched-linux-x86_64 | 1.0.11 | 7.47 | 599.35 | 606.82 | OK | |
r-release-linux-x86_64 | 1.0.11 | 6.69 | 603.32 | 610.01 | OK | |
r-release-macos-arm64 | 1.0.11 | 220.00 | OK | |||
r-release-macos-x86_64 | 1.0.11 | 417.00 | OK | |||
r-release-windows-x86_64 | 1.0.11 | 9.00 | 398.00 | 407.00 | OK | |
r-oldrel-macos-arm64 | 1.0.11 | 195.00 | OK | |||
r-oldrel-macos-x86_64 | 1.0.11 | 290.00 | OK | |||
r-oldrel-windows-x86_64 | 1.0.11 | 11.00 | 529.00 | 540.00 | OK |
Version: 1.0.11
Check: CRAN incoming feasibility
Result: NOTE
Maintainer: ‘Stijn Hawinkel <stijn.hawinkel@psb.ugent.be>’
The BugReports field in DESCRIPTION has
https://github.com/sthawinke/oosse
which should likely be
https://github.com/sthawinke/oosse/issues
instead.
Flavors: r-devel-linux-x86_64-debian-clang, r-devel-linux-x86_64-debian-gcc