Last updated on 2025-05-25 11:49:56 CEST.
Flavor | Version | Tinstall | Tcheck | Ttotal | Status | Flags |
---|---|---|---|---|---|---|
r-devel-linux-x86_64-debian-clang | 2.7 | 30.82 | 223.23 | 254.05 | NOTE | |
r-devel-linux-x86_64-debian-gcc | 2.7 | 21.95 | 173.50 | 195.45 | NOTE | |
r-devel-linux-x86_64-fedora-clang | 2.7 | 395.51 | OK | |||
r-devel-linux-x86_64-fedora-gcc | 2.7 | 364.02 | OK | |||
r-devel-windows-x86_64 | 2.7 | 35.00 | 285.00 | 320.00 | OK | |
r-patched-linux-x86_64 | 2.7 | 32.21 | 199.25 | 231.46 | OK | |
r-release-linux-x86_64 | 2.7 | 32.25 | 199.54 | 231.79 | OK | |
r-release-macos-arm64 | 2.7 | 151.00 | OK | |||
r-release-macos-x86_64 | 2.7 | 478.00 | OK | |||
r-release-windows-x86_64 | 2.7 | 37.00 | 236.00 | 273.00 | OK | |
r-oldrel-macos-arm64 | 2.7 | 117.00 | OK | |||
r-oldrel-macos-x86_64 | 2.7 | 160.00 | OK | |||
r-oldrel-windows-x86_64 | 2.7 | 36.00 | 286.00 | 322.00 | OK |
Version: 2.7
Check: CRAN incoming feasibility
Result: NOTE
Maintainer: ‘Daniel Greene <dg333@cam.ac.uk>’
No Authors@R field in DESCRIPTION.
Please add one, modifying
Authors@R: person(given = "Daniel",
family = "Greene",
role = c("aut", "cre"),
email = "dg333@cam.ac.uk")
as necessary.
Flavors: r-devel-linux-x86_64-debian-clang, r-devel-linux-x86_64-debian-gcc