Last updated on 2025-04-30 01:50:29 CEST.
Flavor | Version | Tinstall | Tcheck | Ttotal | Status | Flags |
---|---|---|---|---|---|---|
r-devel-linux-x86_64-debian-clang | 3.2.1 | 67.46 | 192.48 | 259.94 | OK | --no-vignettes |
r-devel-linux-x86_64-debian-gcc | 3.2.1 | 48.04 | 131.09 | 179.13 | OK | --no-vignettes |
r-devel-linux-x86_64-fedora-clang | 3.2.1 | 464.63 | OK | |||
r-devel-linux-x86_64-fedora-gcc | 3.2.1 | 476.33 | OK | |||
r-devel-windows-x86_64 | 3.2.1 | 77.00 | 247.00 | 324.00 | OK | |
r-release-linux-x86_64 | 3.2.1 | 65.18 | 178.18 | 243.36 | OK | --no-vignettes |
r-release-macos-arm64 | 3.2.1 | 78.00 | OK | |||
r-release-macos-x86_64 | 3.2.1 | 142.00 | OK | |||
r-release-windows-x86_64 | 3.2.1 | 76.00 | 236.00 | 312.00 | OK | |
r-oldrel-macos-arm64 | 3.2.1 | 91.00 | NOTE | |||
r-oldrel-macos-x86_64 | 3.2.1 | 156.00 | OK | |||
r-oldrel-windows-x86_64 | 3.2.1 | 66.00 | 265.00 | 331.00 | OK |
Version: 3.2.1
Check: installed package size
Result: NOTE
installed size is 5.7Mb
sub-directories of 1Mb or more:
libs 3.8Mb
Flavor: r-oldrel-macos-arm64