Last updated on 2024-06-29 11:49:19 CEST.
Flavor | Version | Tinstall | Tcheck | Ttotal | Status | Flags |
---|---|---|---|---|---|---|
r-devel-linux-x86_64-debian-clang | 0.0.1 | 4.88 | 38.19 | 43.07 | OK | |
r-devel-linux-x86_64-debian-gcc | 0.0.1 | 3.49 | 28.59 | 32.08 | OK | |
r-devel-linux-x86_64-fedora-clang | 0.0.1 | 53.20 | NOTE | |||
r-devel-linux-x86_64-fedora-gcc | 0.0.1 | 50.46 | NOTE | |||
r-devel-windows-x86_64 | 0.0.1 | 4.00 | 49.00 | 53.00 | OK | |
r-patched-linux-x86_64 | 0.0.1 | 3.31 | 36.50 | 39.81 | OK | |
r-release-linux-x86_64 | 0.0.1 | 4.46 | 36.52 | 40.98 | OK | |
r-release-macos-arm64 | 0.0.1 | 20.00 | OK | |||
r-release-macos-x86_64 | 0.0.1 | 27.00 | OK | |||
r-release-windows-x86_64 | 0.0.1 | 5.00 | 48.00 | 53.00 | OK | |
r-oldrel-macos-arm64 | 0.0.1 | 19.00 | OK | |||
r-oldrel-macos-x86_64 | 0.0.1 | 28.00 | OK | |||
r-oldrel-windows-x86_64 | 0.0.1 | 7.00 | 54.00 | 61.00 | OK |
Version: 0.0.1
Check: data for non-ASCII characters
Result: NOTE
Note: found 842 marked UTF-8 strings
Flavors: r-devel-linux-x86_64-fedora-clang, r-devel-linux-x86_64-fedora-gcc