Last updated on 2024-06-29 11:49:19 CEST.
Flavor | Version | Tinstall | Tcheck | Ttotal | Status | Flags |
---|---|---|---|---|---|---|
r-devel-linux-x86_64-debian-clang | 0.1.2 | 4.07 | 85.32 | 89.39 | NOTE | |
r-devel-linux-x86_64-debian-gcc | 0.1.2 | 3.08 | 63.01 | 66.09 | NOTE | |
r-devel-linux-x86_64-fedora-clang | 0.1.2 | 97.77 | NOTE | |||
r-devel-linux-x86_64-fedora-gcc | 0.1.2 | 106.09 | NOTE | |||
r-devel-windows-x86_64 | 0.1.2 | 5.00 | 1233.00 | 1238.00 | NOTE | |
r-patched-linux-x86_64 | 0.1.2 | 3.92 | 82.53 | 86.45 | NOTE | |
r-release-linux-x86_64 | 0.1.2 | 2.13 | 83.17 | 85.30 | NOTE | |
r-release-macos-arm64 | 0.1.2 | 1246.00 | NOTE | |||
r-release-macos-x86_64 | 0.1.2 | 1306.00 | NOTE | |||
r-release-windows-x86_64 | 0.1.2 | 4.00 | 1318.00 | 1322.00 | NOTE | |
r-oldrel-macos-arm64 | 0.1.2 | 1159.00 | NOTE | |||
r-oldrel-macos-x86_64 | 0.1.2 | 1203.00 | NOTE | |||
r-oldrel-windows-x86_64 | 0.1.2 | 5.00 | 1227.00 | 1232.00 | NOTE |
Version: 0.1.2
Check: LazyData
Result: NOTE
'LazyData' is specified without a 'data' directory
Flavors: r-devel-linux-x86_64-debian-clang, r-devel-linux-x86_64-debian-gcc, r-devel-linux-x86_64-fedora-clang, r-devel-linux-x86_64-fedora-gcc, r-devel-windows-x86_64, r-patched-linux-x86_64, r-release-linux-x86_64, r-release-macos-arm64, r-release-macos-x86_64, r-release-windows-x86_64, r-oldrel-macos-arm64, r-oldrel-macos-x86_64, r-oldrel-windows-x86_64