Last updated on 2025-05-09 22:49:56 CEST.
Flavor | Version | Tinstall | Tcheck | Ttotal | Status | Flags |
---|---|---|---|---|---|---|
r-devel-linux-x86_64-debian-clang | 1.0.2.1 | 1.95 | 27.98 | 29.93 | OK | |
r-devel-linux-x86_64-debian-gcc | 1.0.2.1 | 1.69 | 21.30 | 22.99 | OK | |
r-devel-linux-x86_64-fedora-clang | 1.0.2.1 | 48.28 | OK | |||
r-devel-linux-x86_64-fedora-gcc | 1.0.2.1 | 46.87 | OK | |||
r-devel-windows-x86_64 | 1.0.2.1 | 5.00 | 49.00 | 54.00 | OK | |
r-patched-linux-x86_64 | 1.0.2.1 | 2.34 | 26.94 | 29.28 | OK | |
r-release-linux-x86_64 | 1.0.2.1 | 2.17 | 26.93 | 29.10 | OK | |
r-release-macos-arm64 | 1.0.2.1 | 35.00 | OK | |||
r-release-macos-x86_64 | 1.0.2.1 | 32.00 | OK | |||
r-release-windows-x86_64 | 1.0.2.1 | 4.00 | 48.00 | 52.00 | OK | |
r-oldrel-macos-arm64 | 1.0.2.1 | 20.00 | NOTE | |||
r-oldrel-macos-x86_64 | 1.0.2.1 | 25.00 | NOTE | |||
r-oldrel-windows-x86_64 | 1.0.2.1 | 5.00 | 56.00 | 61.00 | NOTE |
Version: 1.0.2.1
Check: LazyData
Result: NOTE
'LazyData' is specified without a 'data' directory
Flavors: r-oldrel-macos-arm64, r-oldrel-macos-x86_64, r-oldrel-windows-x86_64