Last updated on 2024-06-29 11:49:19 CEST.
Flavor | Version | Tinstall | Tcheck | Ttotal | Status | Flags |
---|---|---|---|---|---|---|
r-devel-linux-x86_64-debian-clang | 0.0.3 | 8.09 | 67.88 | 75.97 | OK | |
r-devel-linux-x86_64-debian-gcc | 0.0.3 | 5.80 | 50.29 | 56.09 | OK | |
r-devel-linux-x86_64-fedora-clang | 0.0.3 | 97.65 | NOTE | |||
r-devel-linux-x86_64-fedora-gcc | 0.0.3 | 92.69 | NOTE | |||
r-devel-windows-x86_64 | 0.0.3 | 8.00 | 69.00 | 77.00 | OK | |
r-patched-linux-x86_64 | 0.0.3 | 7.72 | 63.11 | 70.83 | OK | |
r-release-linux-x86_64 | 0.0.3 | 4.26 | 64.91 | 69.17 | OK | |
r-release-macos-arm64 | 0.0.3 | 28.00 | OK | |||
r-release-macos-x86_64 | 0.0.3 | 44.00 | OK | |||
r-release-windows-x86_64 | 0.0.3 | 8.00 | 69.00 | 77.00 | OK | |
r-oldrel-macos-arm64 | 0.0.3 | 29.00 | OK | |||
r-oldrel-macos-x86_64 | 0.0.3 | 44.00 | OK | |||
r-oldrel-windows-x86_64 | 0.0.3 | 10.00 | 80.00 | 90.00 | OK |
Version: 0.0.3
Check: data for non-ASCII characters
Result: NOTE
Note: found 4 marked UTF-8 strings
Flavors: r-devel-linux-x86_64-fedora-clang, r-devel-linux-x86_64-fedora-gcc