Last updated on 2024-06-29 23:49:59 CEST.
Flavor | Version | Tinstall | Tcheck | Ttotal | Status | Flags |
---|---|---|---|---|---|---|
r-devel-linux-x86_64-debian-clang | 1.0.0 | 126.28 | 115.12 | 241.40 | OK | |
r-devel-linux-x86_64-debian-gcc | 1.0.0 | 90.68 | 84.75 | 175.43 | OK | |
r-devel-linux-x86_64-fedora-clang | 1.0.0 | 338.46 | OK | |||
r-devel-linux-x86_64-fedora-gcc | 1.0.0 | 349.82 | OK | |||
r-devel-windows-x86_64 | 1.0.0 | 114.00 | 124.00 | 238.00 | OK | |
r-patched-linux-x86_64 | 1.0.0 | 103.10 | 109.40 | 212.50 | OK | |
r-release-linux-x86_64 | 1.0.0 | 75.83 | 105.77 | 181.60 | OK | |
r-release-macos-arm64 | 1.0.0 | 77.00 | NOTE | |||
r-release-macos-x86_64 | 1.0.0 | 103.00 | NOTE | |||
r-release-windows-x86_64 | 1.0.0 | 113.00 | 124.00 | 237.00 | OK | |
r-oldrel-macos-arm64 | 1.0.0 | 104.00 | NOTE | |||
r-oldrel-macos-x86_64 | 1.0.0 | 135.00 | NOTE | |||
r-oldrel-windows-x86_64 | 1.0.0 | 136.00 | 147.00 | 283.00 | OK |
Version: 1.0.0
Check: installed package size
Result: NOTE
installed size is 5.8Mb
sub-directories of 1Mb or more:
libs 5.0Mb
Flavors: r-release-macos-arm64, r-release-macos-x86_64, r-oldrel-macos-arm64, r-oldrel-macos-x86_64