Last updated on 2024-06-29 11:49:19 CEST.
Flavor | Version | Tinstall | Tcheck | Ttotal | Status | Flags |
---|---|---|---|---|---|---|
r-devel-linux-x86_64-debian-clang | 1.8.5 | 52.28 | 282.14 | 334.42 | OK | |
r-devel-linux-x86_64-debian-gcc | 1.8.5 | 41.98 | 200.98 | 242.96 | OK | |
r-devel-linux-x86_64-fedora-clang | 1.8.5 | 421.23 | NOTE | |||
r-devel-linux-x86_64-fedora-gcc | 1.8.5 | 404.49 | OK | |||
r-devel-windows-x86_64 | 1.8.5 | 44.00 | 189.00 | 233.00 | NOTE | |
r-patched-linux-x86_64 | 1.8.5 | 50.32 | 267.75 | 318.07 | OK | |
r-release-linux-x86_64 | 1.8.5 | 49.95 | 269.64 | 319.59 | OK | |
r-release-macos-arm64 | 1.8.5 | 98.00 | NOTE | |||
r-release-macos-x86_64 | 1.8.5 | 166.00 | NOTE | |||
r-release-windows-x86_64 | 1.8.5 | 45.00 | 189.00 | 234.00 | NOTE | |
r-oldrel-macos-arm64 | 1.8.5 | 106.00 | NOTE | |||
r-oldrel-macos-x86_64 | 1.8.5 | 175.00 | NOTE | |||
r-oldrel-windows-x86_64 | 1.8.5 | 57.00 | 241.00 | 298.00 | NOTE |
Version: 1.8.5
Check: installed package size
Result: NOTE
installed size is 9.6Mb
sub-directories of 1Mb or more:
R 1.5Mb
doc 5.7Mb
extdata 1.6Mb
Flavors: r-devel-linux-x86_64-fedora-clang, r-devel-windows-x86_64, r-release-macos-arm64, r-release-macos-x86_64, r-release-windows-x86_64, r-oldrel-macos-arm64, r-oldrel-macos-x86_64, r-oldrel-windows-x86_64