Last updated on 2025-04-29 13:51:32 CEST.
Flavor | Version | Tinstall | Tcheck | Ttotal | Status | Flags |
---|---|---|---|---|---|---|
r-devel-linux-x86_64-debian-clang | 0.1.1 | 8.19 | 106.02 | 114.21 | NOTE | |
r-devel-linux-x86_64-debian-gcc | 0.1.1 | 5.73 | 72.23 | 77.96 | NOTE | |
r-devel-linux-x86_64-fedora-clang | 0.1.1 | 159.12 | OK | |||
r-devel-linux-x86_64-fedora-gcc | 0.1.1 | 169.84 | OK | |||
r-devel-windows-x86_64 | 0.1.1 | 10.00 | 131.00 | 141.00 | OK | |
r-patched-linux-x86_64 | 0.1.1 | 8.32 | 97.29 | 105.61 | OK | |
r-release-linux-x86_64 | 0.1.1 | 7.05 | 96.08 | 103.13 | OK | |
r-release-macos-arm64 | 0.1.1 | 50.00 | OK | |||
r-release-macos-x86_64 | 0.1.1 | 92.00 | OK | |||
r-release-windows-x86_64 | 0.1.1 | 12.00 | 138.00 | 150.00 | OK | |
r-oldrel-macos-arm64 | 0.1.1 | 49.00 | OK | |||
r-oldrel-macos-x86_64 | 0.1.1 | 76.00 | OK | |||
r-oldrel-windows-x86_64 | 0.1.1 | 12.00 | 159.00 | 171.00 | OK |
Version: 0.1.1
Check: CRAN incoming feasibility
Result: NOTE
Maintainer: ‘Philip Stubbings <phil@parasec.net>’
No Authors@R field in DESCRIPTION.
Please add one, modifying
Authors@R: person(given = "Philip",
family = "Stubbings",
role = c("aut", "cre"),
email = "phil@parasec.net")
as necessary.
Flavors: r-devel-linux-x86_64-debian-clang, r-devel-linux-x86_64-debian-gcc
Version: 0.1.1
Check: examples
Result: NOTE
Examples with CPU (user + system) or elapsed time > 5s
user system elapsed
plotEventsHistogram 5.909 0.16 7.79
Flavor: r-devel-linux-x86_64-debian-clang