Last updated on 2025-05-09 22:49:56 CEST.
Flavor | Version | Tinstall | Tcheck | Ttotal | Status | Flags |
---|---|---|---|---|---|---|
r-devel-linux-x86_64-debian-clang | 0.0.25 | 5.63 | 56.80 | 62.43 | NOTE | |
r-devel-linux-x86_64-debian-gcc | 0.0.25 | 4.16 | 41.22 | 45.38 | NOTE | |
r-devel-linux-x86_64-fedora-clang | 0.0.25 | 85.69 | OK | |||
r-devel-linux-x86_64-fedora-gcc | 0.0.25 | 99.49 | OK | |||
r-devel-windows-x86_64 | 0.0.25 | 8.00 | 73.00 | 81.00 | OK | |
r-patched-linux-x86_64 | 0.0.25 | 5.39 | 53.17 | 58.56 | OK | |
r-release-linux-x86_64 | 0.0.25 | 5.34 | 53.82 | 59.16 | OK | |
r-release-macos-arm64 | 0.0.25 | 30.00 | OK | |||
r-release-macos-x86_64 | 0.0.25 | 51.00 | OK | |||
r-release-windows-x86_64 | 0.0.25 | 8.00 | 72.00 | 80.00 | OK | |
r-oldrel-macos-arm64 | 0.0.25 | 31.00 | OK | |||
r-oldrel-macos-x86_64 | 0.0.25 | 42.00 | OK | |||
r-oldrel-windows-x86_64 | 0.0.25 | 9.00 | 88.00 | 97.00 | OK |
Version: 0.0.25
Check: CRAN incoming feasibility
Result: NOTE
Maintainer: ‘Jason Waddell <jason.waddell@openanalytics.eu>’
No Authors@R field in DESCRIPTION.
Please add one, modifying
Authors@R: c(person(given = "Jason",
family = "Waddell",
role = c("aut", "cre"),
email = "jason.waddell@openanalytics.eu"),
person(given = "Willem",
family = "Ligtenberg",
role = "aut"))
as necessary.
Flavors: r-devel-linux-x86_64-debian-clang, r-devel-linux-x86_64-debian-gcc