Last updated on 2025-05-10 16:52:35 CEST.
Flavor | Version | Tinstall | Tcheck | Ttotal | Status | Flags |
---|---|---|---|---|---|---|
r-devel-linux-x86_64-debian-clang | 2.1.0 | 3.92 | 38.63 | 42.55 | NOTE | |
r-devel-linux-x86_64-debian-gcc | 2.1.0 | 3.36 | 29.66 | 33.02 | NOTE | |
r-devel-linux-x86_64-fedora-clang | 2.1.0 | 65.41 | OK | |||
r-devel-linux-x86_64-fedora-gcc | 2.1.0 | 64.72 | OK | |||
r-devel-windows-x86_64 | 2.1.0 | 5.00 | 57.00 | 62.00 | OK | |
r-patched-linux-x86_64 | 2.1.0 | 4.34 | 35.65 | 39.99 | OK | |
r-release-linux-x86_64 | 2.1.0 | 4.73 | 35.68 | 40.41 | OK | |
r-release-macos-arm64 | 2.1.0 | 21.00 | OK | |||
r-release-macos-x86_64 | 2.1.0 | 46.00 | OK | |||
r-release-windows-x86_64 | 2.1.0 | 7.00 | 57.00 | 64.00 | OK | |
r-oldrel-macos-arm64 | 2.1.0 | 23.00 | OK | |||
r-oldrel-macos-x86_64 | 2.1.0 | 58.00 | OK | |||
r-oldrel-windows-x86_64 | 2.1.0 | 8.00 | 65.00 | 73.00 | OK |
Version: 2.1.0
Check: CRAN incoming feasibility
Result: NOTE
Maintainer: ‘Finnbar Lee <lee.finnbar@gmail.com>’
Package CITATION file contains call(s) to old-style personList() or
as.personList(). Please use c() on person objects instead.
Package CITATION file contains call(s) to old-style citEntry(). Please
use bibentry() instead.
Flavors: r-devel-linux-x86_64-debian-clang, r-devel-linux-x86_64-debian-gcc