Last updated on 2024-06-29 11:49:19 CEST.
Flavor | Version | Tinstall | Tcheck | Ttotal | Status | Flags |
---|---|---|---|---|---|---|
r-devel-linux-x86_64-debian-clang | 0.4.0 | 2.32 | 37.35 | 39.67 | OK | |
r-devel-linux-x86_64-debian-gcc | 0.4.0 | 2.55 | 29.20 | 31.75 | OK | |
r-devel-linux-x86_64-fedora-clang | 0.4.0 | 50.77 | NOTE | |||
r-devel-linux-x86_64-fedora-gcc | 0.4.0 | 48.12 | NOTE | |||
r-devel-windows-x86_64 | 0.4.0 | 5.00 | 52.00 | 57.00 | OK | |
r-patched-linux-x86_64 | 0.4.0 | 3.97 | 35.43 | 39.40 | OK | |
r-release-linux-x86_64 | 0.4.0 | 3.02 | 36.66 | 39.68 | OK | |
r-release-macos-arm64 | 0.4.0 | 22.00 | OK | |||
r-release-macos-x86_64 | 0.4.0 | 32.00 | OK | |||
r-release-windows-x86_64 | 0.4.0 | 5.00 | 53.00 | 58.00 | OK | |
r-oldrel-macos-arm64 | 0.4.0 | 31.00 | OK | |||
r-oldrel-macos-x86_64 | 0.4.0 | 36.00 | OK | |||
r-oldrel-windows-x86_64 | 0.4.0 | 6.00 | 56.00 | 62.00 | OK |
Version: 0.4.0
Check: data for non-ASCII characters
Result: NOTE
Note: found 1 marked UTF-8 string
Flavors: r-devel-linux-x86_64-fedora-clang, r-devel-linux-x86_64-fedora-gcc