Last updated on 2024-06-29 11:49:18 CEST.
Flavor | Version | Tinstall | Tcheck | Ttotal | Status | Flags |
---|---|---|---|---|---|---|
r-devel-linux-x86_64-debian-clang | 0.1-1 | 3.46 | 71.40 | 74.86 | OK | |
r-devel-linux-x86_64-debian-gcc | 0.1-1 | 3.17 | 54.24 | 57.41 | OK | |
r-devel-linux-x86_64-fedora-clang | 0.1-1 | 95.04 | NOTE | |||
r-devel-linux-x86_64-fedora-gcc | 0.1-1 | 105.15 | OK | |||
r-devel-windows-x86_64 | 0.1-1 | 5.00 | 97.00 | 102.00 | OK | |
r-patched-linux-x86_64 | 0.1-1 | 3.77 | 69.62 | 73.39 | OK | |
r-release-linux-x86_64 | 0.1-1 | 4.14 | 68.63 | 72.77 | OK | |
r-release-macos-arm64 | 0.1-1 | 48.00 | OK | |||
r-release-macos-x86_64 | 0.1-1 | 54.00 | OK | |||
r-release-windows-x86_64 | 0.1-1 | 4.00 | 96.00 | 100.00 | OK | |
r-oldrel-macos-arm64 | 0.1-1 | 42.00 | OK | |||
r-oldrel-macos-x86_64 | 0.1-1 | 127.00 | OK | |||
r-oldrel-windows-x86_64 | 0.1-1 | 5.00 | 102.00 | 107.00 | OK |
Version: 0.1-1
Check: Rd cross-references
Result: NOTE
Undeclared packages ‘compositions’, ‘mixtools’ in Rd xrefs
Flavor: r-devel-linux-x86_64-fedora-clang