Last updated on 2025-10-26 11:50:46 CET.
| Flavor | Version | Tinstall | Tcheck | Ttotal | Status | Flags |
|---|---|---|---|---|---|---|
| r-devel-linux-x86_64-debian-clang | 0.1.0 | 9.17 | 80.17 | 89.34 | NOTE | |
| r-devel-linux-x86_64-debian-gcc | 0.1.0 | 7.65 | 57.37 | 65.02 | NOTE | |
| r-devel-linux-x86_64-fedora-clang | 0.1.0 | 42.00 | 99.45 | 141.45 | OK | |
| r-devel-linux-x86_64-fedora-gcc | 0.1.0 | 21.00 | 107.73 | 128.73 | OK | |
| r-devel-windows-x86_64 | 0.1.0 | 22.00 | 85.00 | 107.00 | OK | |
| r-patched-linux-x86_64 | 0.1.0 | 9.78 | 74.25 | 84.03 | OK | |
| r-release-linux-x86_64 | 0.1.0 | 7.84 | 74.09 | 81.93 | OK | |
| r-release-macos-arm64 | 0.1.0 | 4.00 | 36.00 | 40.00 | OK | |
| r-release-macos-x86_64 | 0.1.0 | 8.00 | 61.00 | 69.00 | OK | |
| r-release-windows-x86_64 | 0.1.0 | 11.00 | 87.00 | 98.00 | OK | |
| r-oldrel-macos-arm64 | 0.1.0 | 5.00 | 34.00 | 39.00 | OK | |
| r-oldrel-macos-x86_64 | 0.1.0 | 7.00 | 52.00 | 59.00 | OK | |
| r-oldrel-windows-x86_64 | 0.1.0 | 16.00 | 110.00 | 126.00 | OK |
Version: 0.1.0
Check: CRAN incoming feasibility
Result: NOTE
Maintainer: ‘Yang Tian <tianyang1211@126.com>’
The Description field contains
Grover, Jure Leskovec(2016),available at <arXiv:1607.00653>.
Please refer to arXiv e-prints via their arXiv DOI <doi:10.48550/arXiv.YYMM.NNNNN>.
Flavors: r-devel-linux-x86_64-debian-clang, r-devel-linux-x86_64-debian-gcc