Last updated on 2025-05-09 16:53:03 CEST.
Flavor | Version | Tinstall | Tcheck | Ttotal | Status | Flags |
---|---|---|---|---|---|---|
r-devel-linux-x86_64-debian-clang | 0.1.0 | 3.09 | 42.76 | 45.85 | OK | |
r-devel-linux-x86_64-debian-gcc | 0.1.0 | 2.43 | 32.74 | 35.17 | OK | |
r-devel-linux-x86_64-fedora-clang | 0.1.0 | 70.24 | NOTE | |||
r-devel-linux-x86_64-fedora-gcc | 0.1.0 | 69.93 | NOTE | |||
r-devel-windows-x86_64 | 0.1.0 | 4.00 | 66.00 | 70.00 | OK | |
r-patched-linux-x86_64 | 0.1.0 | 3.67 | 40.34 | 44.01 | OK | |
r-release-linux-x86_64 | 0.1.0 | 2.96 | 39.23 | 42.19 | OK | |
r-release-macos-arm64 | 0.1.0 | 28.00 | OK | |||
r-release-macos-x86_64 | 0.1.0 | 44.00 | OK | |||
r-release-windows-x86_64 | 0.1.0 | 5.00 | 72.00 | 77.00 | OK | |
r-oldrel-macos-arm64 | 0.1.0 | 28.00 | NOTE | |||
r-oldrel-macos-x86_64 | 0.1.0 | 37.00 | NOTE | |||
r-oldrel-windows-x86_64 | 0.1.0 | 5.00 | 76.00 | 81.00 | NOTE |
Version: 0.1.0
Check: dependencies in R code
Result: NOTE
Namespaces in Imports field not imported from:
‘R6’ ‘crayon’ ‘digest’ ‘hash’
All declared Imports should be used.
Flavors: r-devel-linux-x86_64-fedora-clang, r-devel-linux-x86_64-fedora-gcc
Version: 0.1.0
Check: LazyData
Result: NOTE
'LazyData' is specified without a 'data' directory
Flavors: r-oldrel-macos-arm64, r-oldrel-macos-x86_64, r-oldrel-windows-x86_64