Last updated on 2025-05-28 18:51:25 CEST.
Flavor | Version | Tinstall | Tcheck | Ttotal | Status | Flags |
---|---|---|---|---|---|---|
r-devel-linux-x86_64-debian-clang | 1.1.0 | 2.39 | 31.71 | 34.10 | NOTE | |
r-devel-linux-x86_64-debian-gcc | 1.1.0 | 1.86 | 25.58 | 27.44 | NOTE | |
r-devel-linux-x86_64-fedora-clang | 1.1.0 | 79.78 | OK | |||
r-devel-linux-x86_64-fedora-gcc | 1.1.0 | 92.63 | OK | |||
r-devel-windows-x86_64 | 1.1.0 | 3.00 | 88.00 | 91.00 | OK | |
r-patched-linux-x86_64 | 1.1.0 | 2.89 | 30.75 | 33.64 | OK | |
r-release-linux-x86_64 | 1.1.0 | 2.38 | 30.62 | 33.00 | OK | |
r-release-macos-arm64 | 1.1.0 | 37.00 | OK | |||
r-release-macos-x86_64 | 1.1.0 | 66.00 | OK | |||
r-release-windows-x86_64 | 1.1.0 | 5.00 | 88.00 | 93.00 | OK | |
r-oldrel-macos-arm64 | 1.1.0 | 27.00 | NOTE | |||
r-oldrel-macos-x86_64 | 1.1.0 | 80.00 | NOTE | |||
r-oldrel-windows-x86_64 | 1.1.0 | 5.00 | 96.00 | 101.00 | OK |
Version: 1.1.0
Check: CRAN incoming feasibility
Result: NOTE
Maintainer: ‘Burak Kuersad Guenhan <burakgunhan@gmail.com>’
Package CITATION file contains call(s) to old-style personList() or
as.personList(). Please use c() on person objects instead.
Package CITATION file contains call(s) to old-style citEntry(). Please
use bibentry() instead.
Flavors: r-devel-linux-x86_64-debian-clang, r-devel-linux-x86_64-debian-gcc
Version: 1.1.0
Check: package dependencies
Result: NOTE
Package suggested but not available for checking: ‘INLA’
Flavors: r-oldrel-macos-arm64, r-oldrel-macos-x86_64