CRAN Package Check Results for Package nlsem

Last updated on 2025-10-10 01:49:13 CEST.

Flavor Version Tinstall Tcheck Ttotal Status Flags
r-devel-linux-x86_64-debian-clang 0.8-1 4.95 45.80 50.75 NOTE
r-devel-linux-x86_64-debian-gcc 0.8-1 3.42 34.27 37.69 NOTE
r-devel-linux-x86_64-fedora-clang 0.8-1 80.71 NOTE
r-devel-linux-x86_64-fedora-gcc 0.8-1 74.06 NOTE
r-devel-windows-x86_64 0.8-1 6.00 63.00 69.00 NOTE
r-patched-linux-x86_64 0.8-1 6.10 43.86 49.96 NOTE
r-release-linux-x86_64 0.8-1 5.01 43.62 48.63 NOTE
r-release-macos-arm64 0.8-1 28.00 NOTE
r-release-macos-x86_64 0.8-1 48.00 NOTE
r-release-windows-x86_64 0.8-1 6.00 62.00 68.00 NOTE
r-oldrel-macos-arm64 0.8-1 25.00 NOTE
r-oldrel-macos-x86_64 0.8-1 50.00 NOTE
r-oldrel-windows-x86_64 0.8-1 8.00 74.00 82.00 NOTE

Check Details

Version: 0.8-1
Check: Rd files
Result: NOTE checkRd: (-1) anova.Rd:19: Lost braces 19 | Returns an object of class code{anova}. These objects represent | ^ Flavors: r-devel-linux-x86_64-debian-clang, r-devel-linux-x86_64-debian-gcc, r-devel-linux-x86_64-fedora-clang, r-devel-linux-x86_64-fedora-gcc, r-devel-windows-x86_64, r-patched-linux-x86_64, r-release-linux-x86_64, r-release-macos-arm64, r-release-macos-x86_64, r-release-windows-x86_64, r-oldrel-macos-arm64, r-oldrel-macos-x86_64, r-oldrel-windows-x86_64