Last updated on 2024-06-29 23:49:58 CEST.
Flavor | Version | Tinstall | Tcheck | Ttotal | Status | Flags |
---|---|---|---|---|---|---|
r-devel-linux-x86_64-debian-clang | 1.0.1 | 17.15 | 224.44 | 241.59 | NOTE | |
r-devel-linux-x86_64-debian-gcc | 1.0.1 | 12.60 | 170.39 | 182.99 | NOTE | |
r-devel-linux-x86_64-fedora-clang | 1.0.1 | 308.31 | NOTE | |||
r-devel-linux-x86_64-fedora-gcc | 1.0.1 | 303.38 | NOTE | |||
r-devel-windows-x86_64 | 1.0.1 | 19.00 | 179.00 | 198.00 | NOTE | |
r-patched-linux-x86_64 | 1.0.1 | 19.49 | 219.07 | 238.56 | NOTE | |
r-release-linux-x86_64 | 1.0.1 | 18.67 | 219.58 | 238.25 | NOTE | |
r-release-macos-arm64 | 1.0.1 | 91.00 | NOTE | |||
r-release-macos-x86_64 | 1.0.1 | 137.00 | NOTE | |||
r-release-windows-x86_64 | 1.0.1 | 17.00 | 181.00 | 198.00 | NOTE | |
r-oldrel-macos-arm64 | 1.0.1 | 99.00 | OK | |||
r-oldrel-macos-x86_64 | 1.0.1 | 157.00 | OK | |||
r-oldrel-windows-x86_64 | 1.0.1 | 22.00 | 217.00 | 239.00 | OK |
Version: 1.0.1
Check: Rd files
Result: NOTE
checkRd: (-1) dot-make_long_data.Rd:44: Lost braces; missing escapes or markup?
44 | training sample), psi (the value of this observations Psihat(P_{n,B_n}^0)),
| ^
checkRd: (-1) dot-make_long_data_nested_cv.Rd:49: Lost braces; missing escapes or markup?
49 | training sample), psi (the value of this observations Psihat(P_{n,B_n}^0)),
| ^
Flavors: r-devel-linux-x86_64-debian-clang, r-devel-linux-x86_64-debian-gcc, r-devel-linux-x86_64-fedora-clang, r-devel-linux-x86_64-fedora-gcc, r-devel-windows-x86_64, r-patched-linux-x86_64, r-release-linux-x86_64, r-release-macos-arm64, r-release-macos-x86_64, r-release-windows-x86_64