Last updated on 2025-05-03 20:49:57 CEST.
Flavor | Version | Tinstall | Tcheck | Ttotal | Status | Flags |
---|---|---|---|---|---|---|
r-devel-linux-x86_64-debian-clang | 1.1.3 | 1.76 | 18.21 | 19.97 | NOTE | |
r-devel-linux-x86_64-debian-gcc | 1.1.3 | 1.49 | 14.65 | 16.14 | NOTE | |
r-devel-linux-x86_64-fedora-clang | 1.1.3 | 32.00 | OK | |||
r-devel-linux-x86_64-fedora-gcc | 1.1.3 | 31.76 | OK | |||
r-devel-windows-x86_64 | 1.1.3 | 4.00 | 44.00 | 48.00 | OK | |
r-patched-linux-x86_64 | 1.1.3 | 1.77 | 17.53 | 19.30 | OK | |
r-release-linux-x86_64 | OK | |||||
r-release-macos-arm64 | 1.1.3 | 19.00 | OK | |||
r-release-macos-x86_64 | 1.1.3 | 26.00 | OK | |||
r-release-windows-x86_64 | 1.1.3 | 3.00 | 50.00 | 53.00 | OK | |
r-oldrel-macos-arm64 | 1.1.3 | 14.00 | OK | |||
r-oldrel-macos-x86_64 | 1.1.3 | 22.00 | OK | |||
r-oldrel-windows-x86_64 | 1.1.3 | 2.00 | 38.00 | 40.00 | OK |
Version: 1.1.3
Check: CRAN incoming feasibility
Result: NOTE
Maintainer: ‘Oleh Komashko <oleg_komashko@ukr.net>’
No Authors@R field in DESCRIPTION.
Please add one, modifying
Authors@R: person(given = "Oleh",
family = "Komashko",
role = c("aut", "cre"),
email = "oleg_komashko@ukr.net")
as necessary.
Flavors: r-devel-linux-x86_64-debian-clang, r-devel-linux-x86_64-debian-gcc