Last updated on 2024-06-29 11:49:18 CEST.
Flavor | Version | Tinstall | Tcheck | Ttotal | Status | Flags |
---|---|---|---|---|---|---|
r-devel-linux-x86_64-debian-clang | 1.2.1 | 16.07 | 258.60 | 274.67 | OK | |
r-devel-linux-x86_64-debian-gcc | 1.2.1 | 12.82 | 187.06 | 199.88 | OK | |
r-devel-linux-x86_64-fedora-clang | 1.2.1 | 322.35 | NOTE | |||
r-devel-linux-x86_64-fedora-gcc | 1.2.1 | 328.03 | OK | |||
r-devel-windows-x86_64 | 1.2.1 | 16.00 | 188.00 | 204.00 | NOTE | |
r-patched-linux-x86_64 | 1.2.1 | 12.05 | 242.21 | 254.26 | OK | |
r-release-linux-x86_64 | 1.2.1 | 11.32 | 248.08 | 259.40 | OK | |
r-release-macos-arm64 | 1.2.1 | 104.00 | NOTE | |||
r-release-macos-x86_64 | 1.2.1 | 270.00 | NOTE | |||
r-release-windows-x86_64 | 1.2.1 | 17.00 | 182.00 | 199.00 | NOTE | |
r-oldrel-macos-arm64 | 1.2.1 | 352.00 | ERROR | |||
r-oldrel-macos-x86_64 | 1.2.1 | 591.00 | ERROR | |||
r-oldrel-windows-x86_64 | 1.2.1 | 19.00 | 227.00 | 246.00 | NOTE |
Version: 1.2.1
Check: installed package size
Result: NOTE
installed size is 6.4Mb
sub-directories of 1Mb or more:
data 1.5Mb
doc 4.2Mb
Flavors: r-devel-linux-x86_64-fedora-clang, r-devel-windows-x86_64, r-release-macos-arm64, r-release-macos-x86_64, r-release-windows-x86_64, r-oldrel-macos-arm64, r-oldrel-macos-x86_64, r-oldrel-windows-x86_64
Version: 1.2.1
Check: running R code from vignettes
Result: ERROR
Errors in running code in vignettes:
when running code in ‘get_3dhp_data.Rmd’
...
> par(old_par)
> if (Sys.getenv("BUILD_VIGNETTES") != "TRUE") {
+ unlink(work_dir, recursive = TRUE)
+ }
When sourcing ‘get_3dhp_data.R’:
Error: object 'work_dir' not found
Execution halted
when running code in ‘get_data_overview.Rmd’
...
+ utils::unzip(f, exdir = wbd_dir)
+ }
> wbd_gdb <- list.files(wbd_dir, pattern = ".gdb", full.names = TRUE)
> sf::st_layers(wbd_gdb)
When sourcing ‘get_data_overview.R’:
Error: argument datasource should have length 1.
Execution halted
when running code in ‘nhdplushr.Rmd’
...
> hr_gpkg <- file.path(work_dir, "hr_data.gpkg")
> plot_data <- plot_nhdplus(list("nwissite", "USGS-05428500"),
+ streamorder = 3, nhdplus_data = sample_data)
Zoom set to: 11
When sourcing ‘nhdplushr.R’:
Error: plot.new has not been called yet
Execution halted
‘get_3dhp_data.Rmd’ using ‘UTF-8’... failed
‘get_data_overview.Rmd’ using ‘UTF-8’... failed
‘indexing.Rmd’ using ‘UTF-8’... [3s/3s] OK
‘nhdplusTools.Rmd’ using ‘UTF-8’... [79s/112s] OK
‘nhdplushr.Rmd’ using ‘UTF-8’... failed
‘plot_nhdplus.Rmd’ using ‘UTF-8’... [8s/35s] OK
Flavor: r-oldrel-macos-arm64
Version: 1.2.1
Check: running R code from vignettes
Result: ERROR
Errors in running code in vignettes:
when running code in ‘get_3dhp_data.Rmd’
...
> par(old_par)
> if (Sys.getenv("BUILD_VIGNETTES") != "TRUE") {
+ unlink(work_dir, recursive = TRUE)
+ }
When sourcing ‘get_3dhp_data.R’:
Error: object 'work_dir' not found
Execution halted
when running code in ‘get_data_overview.Rmd’
...
+ utils::unzip(f, exdir = wbd_dir)
+ }
> wbd_gdb <- list.files(wbd_dir, pattern = ".gdb", full.names = TRUE)
> sf::st_layers(wbd_gdb)
When sourcing ‘get_data_overview.R’:
Error: argument datasource should have length 1.
Execution halted
‘get_3dhp_data.Rmd’ using ‘UTF-8’... failed
‘get_data_overview.Rmd’ using ‘UTF-8’... failed
‘indexing.Rmd’ using ‘UTF-8’... [5s/8s] OK
‘nhdplusTools.Rmd’ using ‘UTF-8’... [18s/34s] OK
‘nhdplushr.Rmd’ using ‘UTF-8’... [121s/235s] OK
‘plot_nhdplus.Rmd’ using ‘UTF-8’... [12s/33s] OK
Flavor: r-oldrel-macos-x86_64