Last updated on 2024-08-24 16:49:05 CEST.
Flavor | Version | Tinstall | Tcheck | Ttotal | Status | Flags |
---|---|---|---|---|---|---|
r-devel-linux-x86_64-debian-clang | 1.4.1 | 4.67 | 72.23 | 76.90 | OK | |
r-devel-linux-x86_64-debian-gcc | 1.4.1 | 3.20 | 53.27 | 56.47 | OK | |
r-devel-linux-x86_64-fedora-clang | 1.4.1 | 130.55 | NOTE | |||
r-devel-linux-x86_64-fedora-gcc | 1.4.1 | 137.03 | OK | |||
r-devel-windows-x86_64 | 1.4.1 | 7.00 | 119.00 | 126.00 | OK | |
r-patched-linux-x86_64 | 1.4.1 | 5.53 | 69.88 | 75.41 | OK | |
r-release-linux-x86_64 | 1.4.1 | 4.60 | 69.79 | 74.39 | OK | |
r-release-macos-arm64 | 1.4.1 | 61.00 | OK | |||
r-release-macos-x86_64 | 1.4.1 | 132.00 | OK | |||
r-release-windows-x86_64 | 1.4.1 | 6.00 | 112.00 | 118.00 | OK | |
r-oldrel-macos-arm64 | 1.4.1 | 73.00 | OK | |||
r-oldrel-macos-x86_64 | 1.4.1 | 112.00 | OK | |||
r-oldrel-windows-x86_64 | 1.4.1 | 8.00 | 125.00 | 133.00 | OK |
Version: 1.4.1
Check: Rd cross-references
Result: NOTE
Undeclared package ‘yaml’ in Rd xrefs
Flavor: r-devel-linux-x86_64-fedora-clang