Last updated on 2024-08-24 16:49:05 CEST.
Flavor | Version | Tinstall | Tcheck | Ttotal | Status | Flags |
---|---|---|---|---|---|---|
r-devel-linux-x86_64-debian-clang | 2.1 | 3.70 | 37.91 | 41.61 | OK | |
r-devel-linux-x86_64-debian-gcc | 2.1 | 2.89 | 28.55 | 31.44 | OK | |
r-devel-linux-x86_64-fedora-clang | 2.1 | 68.79 | NOTE | |||
r-devel-linux-x86_64-fedora-gcc | 2.1 | 78.71 | NOTE | |||
r-devel-windows-x86_64 | 2.1 | 6.00 | 101.00 | 107.00 | OK | |
r-patched-linux-x86_64 | 2.1 | 4.44 | 37.16 | 41.60 | OK | |
r-release-linux-x86_64 | 2.1 | 4.25 | 36.72 | 40.97 | OK | |
r-release-macos-arm64 | 2.1 | 48.00 | OK | |||
r-release-macos-x86_64 | 2.1 | 75.00 | OK | |||
r-release-windows-x86_64 | 2.1 | 6.00 | 67.00 | 73.00 | OK | |
r-oldrel-macos-arm64 | 2.1 | 55.00 | OK | |||
r-oldrel-macos-x86_64 | 2.1 | 71.00 | OK | |||
r-oldrel-windows-x86_64 | 2.1 | 7.00 | 99.00 | 106.00 | OK |
Version: 2.1
Check: dependencies in R code
Result: NOTE
Namespaces in Imports field not imported from:
‘quickcode’ ‘utils’
All declared Imports should be used.
Flavors: r-devel-linux-x86_64-fedora-clang, r-devel-linux-x86_64-fedora-gcc