CRAN Package Check Results for Package neuroblastoma

Last updated on 2025-05-09 10:49:33 CEST.

Flavor Version Tinstall Tcheck Ttotal Status Flags
r-devel-linux-x86_64-debian-clang 2023.9.3 1.70 15.60 17.30 OK
r-devel-linux-x86_64-debian-gcc 2023.9.3 1.45 13.20 14.65 OK
r-devel-linux-x86_64-fedora-clang 2023.9.3 25.74 OK
r-devel-linux-x86_64-fedora-gcc 2023.9.3 26.37 OK
r-devel-windows-x86_64 2023.9.3 2.00 32.00 34.00 OK
r-patched-linux-x86_64 2023.9.3 1.76 15.01 16.77 OK
r-release-linux-x86_64 2023.9.3 1.81 14.78 16.59 OK
r-release-macos-arm64 2023.9.3 15.00 OK
r-release-macos-x86_64 2023.9.3 23.00 OK
r-release-windows-x86_64 2023.9.3 2.00 36.00 38.00 OK
r-oldrel-macos-arm64 2023.9.3 14.00 NOTE
r-oldrel-macos-x86_64 2023.9.3 20.00 NOTE
r-oldrel-windows-x86_64 2023.9.3 2.00 33.00 35.00 NOTE

Check Details

Version: 2023.9.3
Check: installed package size
Result: NOTE installed size is 7.9Mb sub-directories of 1Mb or more: data 7.8Mb Flavors: r-oldrel-macos-arm64, r-oldrel-macos-x86_64, r-oldrel-windows-x86_64