Last updated on 2024-06-29 11:49:18 CEST.
Flavor | Version | Tinstall | Tcheck | Ttotal | Status | Flags |
---|---|---|---|---|---|---|
r-devel-linux-x86_64-debian-clang | 2.9-0 | 51.10 | 635.44 | 686.54 | OK | |
r-devel-linux-x86_64-debian-gcc | 2.9-0 | 32.94 | 443.10 | 476.04 | OK | |
r-devel-linux-x86_64-fedora-clang | 2.9-0 | 793.04 | NOTE | |||
r-devel-linux-x86_64-fedora-gcc | 2.9-0 | 763.87 | NOTE | |||
r-devel-windows-x86_64 | 2.9-0 | 35.00 | 489.00 | 524.00 | OK | |
r-patched-linux-x86_64 | 2.9-0 | 45.87 | 591.52 | 637.39 | OK | |
r-release-linux-x86_64 | 2.9-0 | 30.03 | 577.92 | 607.95 | OK | |
r-release-macos-arm64 | 2.9-0 | 191.00 | OK | |||
r-release-macos-x86_64 | 2.9-0 | 311.00 | OK | |||
r-release-windows-x86_64 | 2.9-0 | 35.00 | 494.00 | 529.00 | OK | |
r-oldrel-macos-arm64 | 2.9-0 | 159.00 | OK | |||
r-oldrel-macos-x86_64 | 2.9-0 | 353.00 | OK | |||
r-oldrel-windows-x86_64 | 2.9-0 | 45.00 | 629.00 | 674.00 | OK |
Version: 2.9-0
Check: Rd cross-references
Result: NOTE
Undeclared package ‘crossnma’ in Rd xrefs
Flavor: r-devel-linux-x86_64-fedora-clang
Version: 2.9-0
Check: data for non-ASCII characters
Result: NOTE
Note: found 2 marked UTF-8 strings
Flavors: r-devel-linux-x86_64-fedora-clang, r-devel-linux-x86_64-fedora-gcc