Last updated on 2024-07-02 19:48:17 CEST.
Flavor | Version | Tinstall | Tcheck | Ttotal | Status | Flags |
---|---|---|---|---|---|---|
r-devel-linux-x86_64-debian-clang | 1.0.1 | 56.63 | 38.11 | 94.74 | NOTE | |
r-devel-linux-x86_64-debian-gcc | 1.0.1 | 40.91 | 26.33 | 67.24 | NOTE | |
r-devel-linux-x86_64-fedora-clang | 1.0.1 | 129.45 | NOTE | |||
r-devel-linux-x86_64-fedora-gcc | 1.0.1 | 137.70 | NOTE | |||
r-devel-windows-x86_64 | 1.0.1 | 42.00 | 67.00 | 109.00 | NOTE | |
r-patched-linux-x86_64 | 1.0.1 | 49.19 | 33.37 | 82.56 | NOTE | |
r-release-linux-x86_64 | 1.0.1 | 45.93 | 34.02 | 79.95 | NOTE | |
r-release-macos-arm64 | 1.0.1 | 33.00 | NOTE | |||
r-release-macos-x86_64 | 1.0.1 | 69.00 | NOTE | |||
r-release-windows-x86_64 | 1.0.1 | 44.00 | 65.00 | 109.00 | NOTE | |
r-oldrel-macos-arm64 | 1.0.1 | 36.00 | NOTE | |||
r-oldrel-macos-x86_64 | 1.0.1 | 71.00 | NOTE | |||
r-oldrel-windows-x86_64 | 1.0.1 | 53.00 | 78.00 | 131.00 | NOTE |
Version: 1.0.1
Check: C++ specification
Result: NOTE
Specified C++11: please drop specification unless essential
Flavors: r-devel-linux-x86_64-debian-clang, r-devel-linux-x86_64-debian-gcc, r-devel-linux-x86_64-fedora-clang, r-devel-linux-x86_64-fedora-gcc, r-devel-windows-x86_64, r-patched-linux-x86_64, r-release-linux-x86_64, r-release-macos-arm64, r-release-macos-x86_64, r-release-windows-x86_64, r-oldrel-macos-arm64, r-oldrel-macos-x86_64, r-oldrel-windows-x86_64
Version: 1.0.1
Check: installed package size
Result: NOTE
installed size is 5.5Mb
sub-directories of 1Mb or more:
libs 5.4Mb
Flavors: r-release-macos-arm64, r-release-macos-x86_64, r-oldrel-macos-arm64, r-oldrel-macos-x86_64