Last updated on 2024-06-29 11:49:18 CEST.
Flavor | Version | Tinstall | Tcheck | Ttotal | Status | Flags |
---|---|---|---|---|---|---|
r-devel-linux-x86_64-debian-clang | 2.1.0 | 11.83 | 94.47 | 106.30 | OK | |
r-devel-linux-x86_64-debian-gcc | 2.1.0 | 8.43 | 69.05 | 77.48 | OK | |
r-devel-linux-x86_64-fedora-clang | 2.1.0 | 128.85 | NOTE | |||
r-devel-linux-x86_64-fedora-gcc | 2.1.0 | 121.35 | OK | |||
r-devel-windows-x86_64 | 2.1.0 | 9.00 | 87.00 | 96.00 | NOTE | |
r-patched-linux-x86_64 | 2.1.0 | 10.97 | 91.28 | 102.25 | OK | |
r-release-linux-x86_64 | 2.1.0 | 6.64 | 92.31 | 98.95 | OK | |
r-release-macos-arm64 | 2.1.0 | 40.00 | NOTE | |||
r-release-macos-x86_64 | 2.1.0 | 57.00 | NOTE | |||
r-release-windows-x86_64 | 2.1.0 | 10.00 | 87.00 | 97.00 | NOTE | |
r-oldrel-macos-arm64 | 2.1.0 | 41.00 | NOTE | |||
r-oldrel-macos-x86_64 | 2.1.0 | 59.00 | NOTE | |||
r-oldrel-windows-x86_64 | 2.1.0 | 13.00 | 107.00 | 120.00 | NOTE |
Version: 2.1.0
Check: installed package size
Result: NOTE
installed size is 6.3Mb
Flavors: r-devel-linux-x86_64-fedora-clang, r-devel-windows-x86_64, r-release-macos-arm64, r-release-macos-x86_64, r-release-windows-x86_64, r-oldrel-macos-arm64, r-oldrel-macos-x86_64, r-oldrel-windows-x86_64