CRAN Package Check Results for Package natural

Last updated on 2025-04-30 01:50:28 CEST.

Flavor Version Tinstall Tcheck Ttotal Status Flags
r-devel-linux-x86_64-debian-clang 0.9.0 10.26 124.43 134.69 NOTE
r-devel-linux-x86_64-debian-gcc 0.9.0 7.78 96.32 104.10 NOTE
r-devel-linux-x86_64-fedora-clang 0.9.0 208.23 OK
r-devel-linux-x86_64-fedora-gcc 0.9.0 237.68 OK
r-devel-windows-x86_64 0.9.0 14.00 142.00 156.00 OK
r-patched-linux-x86_64 0.9.0 10.27 132.64 142.91 OK
r-release-linux-x86_64 0.9.0 9.12 132.29 141.41 OK
r-release-macos-arm64 0.9.0 87.00 OK
r-release-macos-x86_64 0.9.0 158.00 OK
r-release-windows-x86_64 0.9.0 14.00 143.00 157.00 OK
r-oldrel-macos-arm64 0.9.0 79.00 NOTE
r-oldrel-macos-x86_64 0.9.0 114.00 NOTE
r-oldrel-windows-x86_64 0.9.0 16.00 173.00 189.00 NOTE

Check Details

Version: 0.9.0
Check: CRAN incoming feasibility
Result: NOTE Maintainer: ‘Guo Yu <gy63@cornell.edu>’ The Description field contains high-dimensional linear models of Yu, Bien (2017) <arXiv:1712.02412>. Please refer to arXiv e-prints via their arXiv DOI <doi:10.48550/arXiv.YYMM.NNNNN>. Flavors: r-devel-linux-x86_64-debian-clang, r-devel-linux-x86_64-debian-gcc

Version: 0.9.0
Check: LazyData
Result: NOTE 'LazyData' is specified without a 'data' directory Flavors: r-oldrel-macos-arm64, r-oldrel-macos-x86_64, r-oldrel-windows-x86_64