Last updated on 2024-06-29 11:49:18 CEST.
Flavor | Version | Tinstall | Tcheck | Ttotal | Status | Flags |
---|---|---|---|---|---|---|
r-devel-linux-x86_64-debian-clang | 0.1.6 | 7.56 | 45.67 | 53.23 | NOTE | |
r-devel-linux-x86_64-debian-gcc | 0.1.6 | 4.97 | 33.96 | 38.93 | NOTE | |
r-devel-linux-x86_64-fedora-clang | 0.1.6 | 66.14 | NOTE | |||
r-devel-linux-x86_64-fedora-gcc | 0.1.6 | 62.18 | NOTE | |||
r-devel-windows-x86_64 | 0.1.6 | 7.00 | 52.00 | 59.00 | NOTE | |
r-patched-linux-x86_64 | 0.1.6 | 4.61 | 44.20 | 48.81 | NOTE | |
r-release-linux-x86_64 | 0.1.6 | 4.09 | 44.05 | 48.14 | NOTE | |
r-release-macos-arm64 | 0.1.6 | 23.00 | NOTE | |||
r-release-macos-x86_64 | 0.1.6 | 31.00 | NOTE | |||
r-release-windows-x86_64 | 0.1.6 | 7.00 | 54.00 | 61.00 | NOTE | |
r-oldrel-macos-arm64 | 0.1.6 | 26.00 | OK | |||
r-oldrel-macos-x86_64 | 0.1.6 | 32.00 | OK | |||
r-oldrel-windows-x86_64 | 0.1.6 | 9.00 | 60.00 | 69.00 | OK |
Version: 0.1.6
Check: Rd files
Result: NOTE
checkRd: (-1) fod.Rd:12: Lost braces in \itemize; meant \describe ?
checkRd: (-1) fod.Rd:13: Lost braces in \itemize; meant \describe ?
checkRd: (-1) fod.Rd:14: Lost braces in \itemize; meant \describe ?
Flavors: r-devel-linux-x86_64-debian-clang, r-devel-linux-x86_64-debian-gcc, r-devel-linux-x86_64-fedora-clang, r-devel-linux-x86_64-fedora-gcc, r-devel-windows-x86_64, r-patched-linux-x86_64, r-release-linux-x86_64, r-release-macos-arm64, r-release-macos-x86_64, r-release-windows-x86_64