Last updated on 2025-05-02 20:50:47 CEST.
Flavor | Version | Tinstall | Tcheck | Ttotal | Status | Flags |
---|---|---|---|---|---|---|
r-devel-linux-x86_64-debian-clang | 0.4.2 | 136.94 | 51.18 | 188.12 | NOTE | |
r-devel-linux-x86_64-debian-gcc | 0.4.2 | 107.77 | 35.12 | 142.89 | NOTE | |
r-devel-linux-x86_64-fedora-clang | 0.4.2 | 347.92 | NOTE | |||
r-devel-linux-x86_64-fedora-gcc | 0.4.2 | 402.36 | NOTE | |||
r-devel-windows-x86_64 | 0.4.2 | 46.00 | 101.00 | 147.00 | NOTE | |
r-patched-linux-x86_64 | 0.4.2 | 158.01 | 47.53 | 205.54 | NOTE | |
r-release-linux-x86_64 | NOTE | |||||
r-release-macos-arm64 | 0.4.2 | 74.00 | NOTE | |||
r-release-macos-x86_64 | 0.4.2 | 146.00 | NOTE | |||
r-release-windows-x86_64 | 0.4.2 | 46.00 | 95.00 | 141.00 | NOTE | |
r-oldrel-macos-arm64 | 0.4.2 | 82.00 | OK | |||
r-oldrel-macos-x86_64 | 0.4.2 | 116.00 | OK | |||
r-oldrel-windows-x86_64 | 0.4.2 | 50.00 | 129.00 | 179.00 | OK |
Version: 0.4.2
Check: compiled code
Result: NOTE
File ‘nanoparquet/libs/nanoparquet.so’:
Found non-API call to R: ‘DATAPTR’
Compiled code should not call non-API entry points in R.
See ‘Writing portable packages’ in the ‘Writing R Extensions’ manual,
and section ‘Moving into C API compliance’ for issues with the use of
non-API entry points.
Flavors: r-devel-linux-x86_64-debian-clang, r-devel-linux-x86_64-debian-gcc, r-devel-linux-x86_64-fedora-clang, r-devel-linux-x86_64-fedora-gcc, r-patched-linux-x86_64, r-release-linux-x86_64, r-release-macos-arm64, r-release-macos-x86_64
Version: 0.4.2
Check: compiled code
Result: NOTE
File 'nanoparquet/libs/x64/nanoparquet.dll':
Found non-API call to R: 'DATAPTR'
Compiled code should not call non-API entry points in R.
See 'Writing portable packages' in the 'Writing R Extensions' manual,
and section 'Moving into C API compliance' for issues with the use of
non-API entry points.
Flavors: r-devel-windows-x86_64, r-release-windows-x86_64