CRAN Package Check Results for Package nJira

Last updated on 2025-04-30 13:54:22 CEST.

Flavor Version Tinstall Tcheck Ttotal Status Flags
r-devel-linux-x86_64-debian-clang 0.1.1 3.34 28.25 31.59 NOTE
r-devel-linux-x86_64-debian-gcc 0.1.1 1.96 21.53 23.49 OK
r-devel-linux-x86_64-fedora-clang 0.1.1 46.93 NOTE
r-devel-linux-x86_64-fedora-gcc 0.1.1 45.21 NOTE
r-devel-windows-x86_64 0.1.1 5.00 56.00 61.00 OK
r-patched-linux-x86_64 0.1.1 3.20 26.14 29.34 OK
r-release-linux-x86_64 0.1.1 2.84 26.23 29.07 OK
r-release-macos-arm64 0.1.1 42.00 OK
r-release-macos-x86_64 0.1.1 52.00 OK
r-release-windows-x86_64 0.1.1 5.00 64.00 69.00 OK
r-oldrel-macos-arm64 0.1.1 37.00 NOTE
r-oldrel-macos-x86_64 0.1.1 47.00 NOTE
r-oldrel-windows-x86_64 0.1.1 5.00 58.00 63.00 NOTE

Check Details

Version: 0.1.1
Check: examples
Result: NOTE Examples with CPU (user + system) or elapsed time > 5s user system elapsed jira.query 1.097 0.008 5.093 Flavor: r-devel-linux-x86_64-debian-clang

Version: 0.1.1
Check: dependencies in R code
Result: NOTE Namespace in Imports field not imported from: ‘rjson’ All declared Imports should be used. Flavors: r-devel-linux-x86_64-fedora-clang, r-devel-linux-x86_64-fedora-gcc

Version: 0.1.1
Check: LazyData
Result: NOTE 'LazyData' is specified without a 'data' directory Flavors: r-oldrel-macos-arm64, r-oldrel-macos-x86_64, r-oldrel-windows-x86_64