Last updated on 2025-04-29 19:50:38 CEST.
Flavor | Version | Tinstall | Tcheck | Ttotal | Status | Flags |
---|---|---|---|---|---|---|
r-devel-linux-x86_64-debian-clang | 0.1.0 | 70.91 | 148.02 | 218.93 | NOTE | |
r-devel-linux-x86_64-debian-gcc | 0.1.0 | 47.75 | 99.55 | 147.30 | NOTE | |
r-devel-linux-x86_64-fedora-clang | 0.1.0 | 371.59 | NOTE | |||
r-devel-linux-x86_64-fedora-gcc | 0.1.0 | 342.23 | NOTE | |||
r-devel-windows-x86_64 | 0.1.0 | 89.00 | 154.00 | 243.00 | NOTE | |
r-patched-linux-x86_64 | 0.1.0 | 64.80 | 128.55 | 193.35 | NOTE | |
r-release-linux-x86_64 | 0.1.0 | 67.60 | 130.84 | 198.44 | NOTE | |
r-release-macos-arm64 | 0.1.0 | 84.00 | NOTE | |||
r-release-macos-x86_64 | 0.1.0 | 136.00 | NOTE | |||
r-release-windows-x86_64 | 0.1.0 | 87.00 | 154.00 | 241.00 | NOTE | |
r-oldrel-macos-arm64 | 0.1.0 | 92.00 | OK | |||
r-oldrel-macos-x86_64 | 0.1.0 | 203.00 | OK | |||
r-oldrel-windows-x86_64 | 0.1.0 | 94.00 | 200.00 | 294.00 | OK |
Version: 0.1.0
Check: DESCRIPTION meta-information
Result: NOTE
Missing dependency on R >= 4.2.0 because package code uses the pipe
placeholder syntax added in R 4.2.0.
File(s) using such syntax:
‘get_individual_algebra_results.R’
Flavors: r-devel-linux-x86_64-debian-clang, r-devel-linux-x86_64-debian-gcc, r-devel-linux-x86_64-fedora-clang, r-devel-linux-x86_64-fedora-gcc, r-devel-windows-x86_64, r-patched-linux-x86_64, r-release-linux-x86_64, r-release-macos-arm64, r-release-macos-x86_64, r-release-windows-x86_64
Version: 0.1.0
Check: examples
Result: NOTE
Examples with CPU (user + system) or elapsed time > 5s
user system elapsed
get_groups 17.085 0.585 8.553
summarize_multi_group_model 16.456 0.519 6.985
mxsem_group_by 15.199 0.358 6.272
Flavor: r-devel-linux-x86_64-debian-clang
Version: 0.1.0
Check: examples
Result: NOTE
Examples with CPU (user + system) or elapsed time > 5s
user system elapsed
summarize_multi_group_model 11.165 0.163 7.358
get_groups 10.828 0.137 7.295
mxsem_group_by 6.329 0.042 5.482
Flavor: r-devel-linux-x86_64-debian-gcc