Last updated on 2024-06-29 11:49:18 CEST.
Flavor | Version | Tinstall | Tcheck | Ttotal | Status | Flags |
---|---|---|---|---|---|---|
r-devel-linux-x86_64-debian-clang | 1.0.3 | 16.22 | 198.25 | 214.47 | OK | |
r-devel-linux-x86_64-debian-gcc | 1.0.3 | 10.38 | 144.42 | 154.80 | OK | |
r-devel-linux-x86_64-fedora-clang | 1.0.3 | 284.41 | NOTE | |||
r-devel-linux-x86_64-fedora-gcc | 1.0.3 | 284.27 | NOTE | |||
r-devel-windows-x86_64 | 1.0.3 | 12.00 | 215.00 | 227.00 | OK | |
r-patched-linux-x86_64 | 1.0.3 | 10.88 | 186.36 | 197.24 | OK | |
r-release-linux-x86_64 | 1.0.3 | 13.72 | 182.38 | 196.10 | OK | |
r-release-macos-arm64 | 1.0.3 | 89.00 | OK | |||
r-release-macos-x86_64 | 1.0.3 | 126.00 | OK | |||
r-release-windows-x86_64 | 1.0.3 | 13.00 | 200.00 | 213.00 | OK | |
r-oldrel-macos-arm64 | 1.0.3 | 95.00 | OK | |||
r-oldrel-macos-x86_64 | 1.0.3 | 216.00 | OK | |||
r-oldrel-windows-x86_64 | 1.0.3 | 17.00 | 214.00 | 231.00 | OK |
Version: 1.0.3
Check: dependencies in R code
Result: NOTE
Namespaces in Imports field not imported from:
‘e1071’ ‘glue’
All declared Imports should be used.
Flavors: r-devel-linux-x86_64-fedora-clang, r-devel-linux-x86_64-fedora-gcc