Last updated on 2025-05-09 04:52:03 CEST.
Flavor | Version | Tinstall | Tcheck | Ttotal | Status | Flags |
---|---|---|---|---|---|---|
r-devel-linux-x86_64-debian-clang | 0.1.9 | 82.82 | 89.98 | 172.80 | OK | |
r-devel-linux-x86_64-debian-gcc | 0.1.9 | 58.99 | 65.75 | 124.74 | OK | |
r-devel-linux-x86_64-fedora-clang | 0.1.9 | 362.76 | OK | |||
r-devel-linux-x86_64-fedora-gcc | 0.1.9 | 364.01 | OK | |||
r-devel-windows-x86_64 | 0.1.9 | 101.00 | 127.00 | 228.00 | OK | |
r-patched-linux-x86_64 | 0.1.9 | 84.62 | 86.50 | 171.12 | OK | |
r-release-linux-x86_64 | 0.1.9 | 83.76 | 85.52 | 169.28 | OK | |
r-release-macos-arm64 | 0.1.9 | 79.00 | OK | |||
r-release-macos-x86_64 | 0.1.9 | 104.00 | OK | |||
r-release-windows-x86_64 | 0.1.9 | 103.00 | 129.00 | 232.00 | OK | |
r-oldrel-macos-arm64 | 0.1.9 | 78.00 | NOTE | |||
r-oldrel-macos-x86_64 | 0.1.9 | 105.00 | NOTE | |||
r-oldrel-windows-x86_64 | 0.1.9 | 122.00 | 160.00 | 282.00 | OK |
Version: 0.1.9
Check: package dependencies
Result: NOTE
Package suggested but not available for checking: ‘DLBCL’
Flavor: r-oldrel-macos-arm64
Version: 0.1.9
Check: installed package size
Result: NOTE
installed size is 9.6Mb
sub-directories of 1Mb or more:
java 2.5Mb
libs 6.6Mb
Flavors: r-oldrel-macos-arm64, r-oldrel-macos-x86_64
Version: 0.1.9
Check: package dependencies
Result: NOTE
Packages suggested but not available for checking: 'BioNet', 'DLBCL'
Flavor: r-oldrel-macos-x86_64