Last updated on 2024-06-29 23:49:58 CEST.
Flavor | Version | Tinstall | Tcheck | Ttotal | Status | Flags |
---|---|---|---|---|---|---|
r-devel-linux-x86_64-debian-clang | 0.1-10 | 4.19 | 218.55 | 222.74 | OK | |
r-devel-linux-x86_64-debian-gcc | 0.1-10 | 3.73 | 157.73 | 161.46 | OK | |
r-devel-linux-x86_64-fedora-clang | 0.1-10 | 271.64 | NOTE | |||
r-devel-linux-x86_64-fedora-gcc | 0.1-10 | 264.36 | OK | |||
r-devel-windows-x86_64 | 0.1-10 | 5.00 | 177.00 | 182.00 | OK | |
r-patched-linux-x86_64 | 0.1-10 | 5.23 | 218.76 | 223.99 | OK | |
r-release-linux-x86_64 | 0.1-10 | 4.98 | 211.44 | 216.42 | OK | |
r-release-macos-arm64 | 0.1-10 | 69.00 | OK | |||
r-release-macos-x86_64 | 0.1-10 | 118.00 | OK | |||
r-release-windows-x86_64 | 0.1-10 | 5.00 | 178.00 | 183.00 | OK | |
r-oldrel-macos-arm64 | 0.1-10 | 76.00 | OK | |||
r-oldrel-macos-x86_64 | 0.1-10 | 151.00 | NOTE | |||
r-oldrel-windows-x86_64 | 0.1-10 | 7.00 | 236.00 | 243.00 | OK |
Version: 0.1-10
Check: Rd cross-references
Result: NOTE
Undeclared package ‘sampleSelection’ in Rd xrefs
Flavor: r-devel-linux-x86_64-fedora-clang
Version: 0.1-10
Check: Rd cross-references
Result: NOTE
Package unavailable to check Rd xrefs: ‘sampleSelection’
Flavor: r-oldrel-macos-x86_64