Last updated on 2024-06-29 11:49:18 CEST.
Flavor | Version | Tinstall | Tcheck | Ttotal | Status | Flags |
---|---|---|---|---|---|---|
r-devel-linux-x86_64-debian-clang | 0.1.6 | 5.43 | 39.77 | 45.20 | OK | |
r-devel-linux-x86_64-debian-gcc | 0.1.6 | 4.68 | 28.42 | 33.10 | OK | |
r-devel-linux-x86_64-fedora-clang | 0.1.6 | 58.47 | NOTE | |||
r-devel-linux-x86_64-fedora-gcc | 0.1.6 | 55.38 | OK | |||
r-devel-windows-x86_64 | 0.1.6 | 7.00 | 58.00 | 65.00 | OK | |
r-patched-linux-x86_64 | 0.1.6 | 6.67 | 37.64 | 44.31 | OK | |
r-release-linux-x86_64 | 0.1.6 | 5.84 | 37.79 | 43.63 | OK | |
r-release-macos-arm64 | 0.1.6 | 22.00 | OK | |||
r-release-macos-x86_64 | 0.1.6 | 31.00 | OK | |||
r-release-windows-x86_64 | 0.1.6 | 6.00 | 65.00 | 71.00 | OK | |
r-oldrel-macos-arm64 | 0.1.6 | 23.00 | OK | |||
r-oldrel-macos-x86_64 | 0.1.6 | 52.00 | OK | |||
r-oldrel-windows-x86_64 | 0.1.6 | 7.00 | 65.00 | 72.00 | OK |
Version: 0.1.6
Check: Rd cross-references
Result: NOTE
Undeclared package ‘mev’ in Rd xrefs
Flavor: r-devel-linux-x86_64-fedora-clang