CRAN Package Check Results for Package multitool

Last updated on 2025-04-30 19:50:08 CEST.

Flavor Version Tinstall Tcheck Ttotal Status Flags
r-devel-linux-x86_64-debian-clang 0.1.4 7.69 149.73 157.42 NOTE
r-devel-linux-x86_64-debian-gcc 0.1.4 4.82 102.78 107.60 NOTE
r-devel-linux-x86_64-fedora-clang 0.1.4 257.34 NOTE
r-devel-linux-x86_64-fedora-gcc 0.1.4 264.32 NOTE
r-devel-windows-x86_64 0.1.4 10.00 148.00 158.00 NOTE
r-patched-linux-x86_64 0.1.4 7.67 138.88 146.55 NOTE
r-release-linux-x86_64 0.1.4 7.23 137.99 145.22 NOTE
r-release-macos-arm64 0.1.4 69.00 NOTE
r-release-macos-x86_64 0.1.4 264.00 OK
r-release-windows-x86_64 0.1.4 9.00 145.00 154.00 NOTE
r-oldrel-macos-arm64 0.1.4 72.00 NOTE
r-oldrel-macos-x86_64 0.1.4 103.00 NOTE
r-oldrel-windows-x86_64 0.1.4 11.00 193.00 204.00 NOTE

Check Details

Version: 0.1.4
Check: DESCRIPTION meta-information
Result: NOTE Missing dependency on R >= 4.2.0 because package code uses the pipe placeholder syntax added in R 4.2.0. File(s) using such syntax: ‘grid-pipeline.R’ ‘inspect-decisions.R’ ‘multiverse-tables.R’ ‘show-pipelines.R’ ‘utils.R’ ‘visualize-pipeline.R’ Flavors: r-devel-linux-x86_64-debian-clang, r-devel-linux-x86_64-debian-gcc, r-devel-linux-x86_64-fedora-clang, r-devel-linux-x86_64-fedora-gcc, r-devel-windows-x86_64, r-patched-linux-x86_64, r-release-linux-x86_64, r-release-macos-arm64, r-release-windows-x86_64

Version: 0.1.4
Check: Rd cross-references
Result: NOTE Found the following Rd file(s) with Rd \link{} targets missing package anchors: condense.Rd: unnest Please provide package anchors for all Rd \link{} targets not in the package itself and the base packages. Flavors: r-devel-linux-x86_64-debian-clang, r-devel-linux-x86_64-debian-gcc, r-devel-windows-x86_64, r-patched-linux-x86_64, r-release-linux-x86_64, r-release-windows-x86_64

Version: 0.1.4
Check: examples
Result: NOTE Examples with CPU (user + system) or elapsed time > 5s user system elapsed run_descriptives 9.085 0.020 11.797 reveal_corrs 6.610 0.090 9.650 reveal_reliabilities 6.256 0.151 8.953 run_multiverse 5.997 0.036 8.103 reveal_summary_stats 5.940 0.039 8.450 Flavor: r-devel-linux-x86_64-debian-clang

Version: 0.1.4
Check: examples
Result: NA user system elapsed run_descriptives 6.021 0.011 8.105 reveal_reliabilities 4.474 0.020 6.453 reveal_summary_stats 4.104 0.008 5.495 run_multiverse 3.792 0.008 5.256 OK Flavor: r-devel-linux-x86_64-debian-gcc

Version: 0.1.4
Check: installed package size
Result: NOTE installed size is 5.0Mb sub-directories of 1Mb or more: doc 4.3Mb Flavors: r-oldrel-macos-arm64, r-oldrel-macos-x86_64, r-oldrel-windows-x86_64