CRAN Package Check Results for Package multinet

Last updated on 2025-06-30 23:49:52 CEST.

Flavor Version Tinstall Tcheck Ttotal Status Flags
r-devel-linux-x86_64-debian-clang 4.2.2 569.66 51.27 620.93 OK
r-devel-linux-x86_64-debian-gcc 4.2.2 553.39 39.78 593.17 OK
r-devel-linux-x86_64-fedora-clang 4.2.2 1364.47 OK
r-devel-linux-x86_64-fedora-gcc 4.2.2 1554.21 OK
r-devel-windows-x86_64 4.2.2 784.00 113.00 897.00 OK
r-patched-linux-x86_64 OK
r-release-linux-x86_64 4.2.2 765.52 49.44 814.96 OK
r-release-macos-arm64 4.2.2 300.00 OK
r-release-macos-x86_64 4.2.2 247.00 OK
r-release-windows-x86_64 4.2.2 774.00 116.00 890.00 OK
r-oldrel-macos-arm64 4.2.2 310.00 NOTE
r-oldrel-macos-x86_64 4.2.2 267.00 NOTE
r-oldrel-windows-x86_64 4.2.2 976.00 149.00 1125.00 OK

Check Details

Version: 4.2.2
Check: installed package size
Result: NOTE installed size is 96.6Mb sub-directories of 1Mb or more: libs 96.4Mb Flavors: r-oldrel-macos-arm64, r-oldrel-macos-x86_64