CRAN Package Check Results for Package multigraph

Last updated on 2025-04-30 07:55:14 CEST.

Flavor Version Tinstall Tcheck Ttotal Status Flags
r-devel-linux-x86_64-debian-clang 0.99-3 15.30 58.26 73.56 NOTE
r-devel-linux-x86_64-debian-gcc 0.99-3 10.19 36.93 47.12 NOTE
r-devel-linux-x86_64-fedora-clang 0.99-3 117.80 NOTE
r-devel-linux-x86_64-fedora-gcc 0.99-3 119.57 NOTE
r-devel-windows-x86_64 0.99-3 15.00 67.00 82.00 NOTE
r-patched-linux-x86_64 0.99-3 15.11 54.09 69.20 NOTE
r-release-linux-x86_64 0.99-3 14.94 53.59 68.53 NOTE
r-release-macos-arm64 0.99-3 33.00 NOTE
r-release-macos-x86_64 0.99-3 62.00 NOTE
r-release-windows-x86_64 0.99-3 13.00 68.00 81.00 NOTE
r-oldrel-macos-arm64 0.99-3 31.00 OK
r-oldrel-macos-x86_64 0.99-3 49.00 OK
r-oldrel-windows-x86_64 0.99-3 15.00 75.00 90.00 OK

Check Details

Version: 0.99-3
Check: DESCRIPTION meta-information
Result: NOTE Missing dependency on R >= 4.1.0 because package code uses the pipe |> or function shorthand \(...) syntax added in R 4.1.0. File(s) using such syntax: ‘mlgraph.Rd’ Flavors: r-devel-linux-x86_64-debian-clang, r-devel-linux-x86_64-debian-gcc, r-devel-linux-x86_64-fedora-clang, r-devel-linux-x86_64-fedora-gcc, r-devel-windows-x86_64, r-patched-linux-x86_64, r-release-linux-x86_64, r-release-macos-arm64, r-release-macos-x86_64, r-release-windows-x86_64