Last updated on 2025-04-29 13:51:31 CEST.
Flavor | Version | Tinstall | Tcheck | Ttotal | Status | Flags |
---|---|---|---|---|---|---|
r-devel-linux-x86_64-debian-clang | 0.9.4 | 2.52 | 65.38 | 67.90 | NOTE | |
r-devel-linux-x86_64-debian-gcc | 0.9.4 | 2.02 | 42.02 | 44.04 | NOTE | |
r-devel-linux-x86_64-fedora-clang | 0.9.4 | 103.47 | OK | |||
r-devel-linux-x86_64-fedora-gcc | 0.9.4 | 257.01 | OK | |||
r-devel-windows-x86_64 | 0.9.4 | 4.00 | 81.00 | 85.00 | OK | |
r-patched-linux-x86_64 | 0.9.4 | 3.04 | 60.96 | 64.00 | OK | |
r-release-linux-x86_64 | 0.9.4 | 2.47 | 58.41 | 60.88 | OK | |
r-release-macos-arm64 | 0.9.4 | 58.00 | OK | |||
r-release-macos-x86_64 | 0.9.4 | 181.00 | OK | |||
r-release-windows-x86_64 | 0.9.4 | 5.00 | 78.00 | 83.00 | OK | |
r-oldrel-macos-arm64 | 0.9.4 | 66.00 | OK | |||
r-oldrel-macos-x86_64 | 0.9.4 | 109.00 | OK | |||
r-oldrel-windows-x86_64 | 0.9.4 | 5.00 | 100.00 | 105.00 | OK |
Version: 0.9.4
Check: CRAN incoming feasibility
Result: NOTE
Maintainer: ‘Jarrett Byrnes <jarrett.byrnes@umb.edu>’
Package CITATION file contains call(s) to old-style personList() or
as.personList(). Please use c() on person objects instead.
Package CITATION file contains call(s) to old-style citEntry(). Please
use bibentry() instead.
Flavors: r-devel-linux-x86_64-debian-clang, r-devel-linux-x86_64-debian-gcc
Version: 0.9.4
Check: examples
Result: NOTE
Examples with CPU (user + system) or elapsed time > 5s
user system elapsed
getRedundancy 6.406 0.004 6.734
getOverlap 4.822 0.000 6.864
filterOverData 4.508 0.007 5.788
stdEffects 4.480 0.000 5.341
divNeeded 4.397 0.042 5.496
filterCoefData 4.324 0.013 5.729
Flavor: r-devel-linux-x86_64-debian-clang