Last updated on 2025-04-29 13:51:31 CEST.
Flavor | Version | Tinstall | Tcheck | Ttotal | Status | Flags |
---|---|---|---|---|---|---|
r-devel-linux-x86_64-debian-clang | 0.1-2 | 3.39 | 31.32 | 34.71 | NOTE | |
r-devel-linux-x86_64-debian-gcc | 0.1-2 | 2.28 | 22.69 | 24.97 | NOTE | |
r-devel-linux-x86_64-fedora-clang | 0.1-2 | 54.85 | OK | |||
r-devel-linux-x86_64-fedora-gcc | 0.1-2 | 57.13 | OK | |||
r-devel-windows-x86_64 | 0.1-2 | 4.00 | 52.00 | 56.00 | OK | |
r-patched-linux-x86_64 | 0.1-2 | 3.96 | 29.69 | 33.65 | OK | |
r-release-linux-x86_64 | 0.1-2 | 3.20 | 29.61 | 32.81 | OK | |
r-release-macos-arm64 | 0.1-2 | 23.00 | OK | |||
r-release-macos-x86_64 | 0.1-2 | 34.00 | OK | |||
r-release-windows-x86_64 | 0.1-2 | 4.00 | 53.00 | 57.00 | OK | |
r-oldrel-macos-arm64 | 0.1-2 | 21.00 | OK | |||
r-oldrel-macos-x86_64 | 0.1-2 | 32.00 | OK | |||
r-oldrel-windows-x86_64 | 0.1-2 | 5.00 | 55.00 | 60.00 | OK |
Version: 0.1-2
Check: CRAN incoming feasibility
Result: NOTE
Maintainer: ‘Michael Eichenberger <mike.eichenberger@gmail.com>’
No Authors@R field in DESCRIPTION.
Please add one, modifying
Authors@R: c(person(given = "Michael",
family = "Eichenberger",
role = c("aut", "cre"),
email = "mike.eichenberger@gmail.com"),
person(given = "Carlo",
family = "Rosa",
role = "aut"))
as necessary.
Flavors: r-devel-linux-x86_64-debian-clang, r-devel-linux-x86_64-debian-gcc