Last updated on 2024-06-29 11:49:18 CEST.
Flavor | Version | Tinstall | Tcheck | Ttotal | Status | Flags |
---|---|---|---|---|---|---|
r-devel-linux-x86_64-debian-clang | 1.0.2 | 6.55 | 54.12 | 60.67 | OK | |
r-devel-linux-x86_64-debian-gcc | 1.0.2 | 7.87 | 40.27 | 48.14 | OK | |
r-devel-linux-x86_64-fedora-clang | 1.0.2 | 77.57 | OK | |||
r-devel-linux-x86_64-fedora-gcc | 1.0.2 | 74.20 | OK | |||
r-devel-windows-x86_64 | 1.0.2 | 10.00 | 65.00 | 75.00 | OK | |
r-patched-linux-x86_64 | 1.0.2 | 9.31 | 51.62 | 60.93 | OK | |
r-release-linux-x86_64 | 1.0.2 | 5.50 | 51.49 | 56.99 | OK | |
r-release-macos-arm64 | 1.0.2 | 32.00 | NOTE | |||
r-release-macos-x86_64 | 1.0.2 | 65.00 | NOTE | |||
r-release-windows-x86_64 | 1.0.2 | 10.00 | 65.00 | 75.00 | OK | |
r-oldrel-macos-arm64 | 1.0.2 | 32.00 | NOTE | |||
r-oldrel-macos-x86_64 | 1.0.2 | 51.00 | NOTE | |||
r-oldrel-windows-x86_64 | 1.0.2 | 12.00 | 78.00 | 90.00 | OK |
Version: 1.0.2
Check: installed package size
Result: NOTE
installed size is 5.7Mb
sub-directories of 1Mb or more:
data 5.5Mb
Flavors: r-release-macos-arm64, r-release-macos-x86_64, r-oldrel-macos-arm64, r-oldrel-macos-x86_64