CRAN Package Check Results for Package muir

Last updated on 2025-07-23 11:50:28 CEST.

Flavor Version Tinstall Tcheck Ttotal Status Flags
r-devel-linux-x86_64-debian-clang 0.1.0 4.85 36.57 41.42 OK
r-devel-linux-x86_64-debian-gcc 0.1.0 4.10 27.81 31.91 OK
r-devel-linux-x86_64-fedora-clang 0.1.0 66.46 OK
r-devel-linux-x86_64-fedora-gcc 0.1.0 59.48 OK
r-devel-windows-x86_64 0.1.0 7.00 53.00 60.00 OK
r-patched-linux-x86_64 0.1.0 4.51 33.64 38.15 OK
r-release-linux-x86_64 0.1.0 4.65 33.64 38.29 OK
r-release-macos-arm64 0.1.0 21.00 OK
r-release-macos-x86_64 0.1.0 48.00 OK
r-release-windows-x86_64 0.1.0 6.00 58.00 64.00 OK
r-oldrel-macos-arm64 0.1.0 24.00 NOTE
r-oldrel-macos-x86_64 0.1.0 45.00 NOTE
r-oldrel-windows-x86_64 0.1.0 9.00 59.00 68.00 NOTE

Check Details

Version: 0.1.0
Check: LazyData
Result: NOTE 'LazyData' is specified without a 'data' directory Flavors: r-oldrel-macos-arm64, r-oldrel-macos-x86_64, r-oldrel-windows-x86_64