Last updated on 2024-06-29 11:49:18 CEST.
Flavor | Version | Tinstall | Tcheck | Ttotal | Status | Flags |
---|---|---|---|---|---|---|
r-devel-linux-x86_64-debian-clang | 1.0.1 | 5.40 | 181.20 | 186.60 | OK | |
r-devel-linux-x86_64-debian-gcc | 1.0.1 | 3.67 | 143.81 | 147.48 | OK | |
r-devel-linux-x86_64-fedora-clang | 1.0.1 | 279.45 | NOTE | |||
r-devel-linux-x86_64-fedora-gcc | 1.0.1 | 250.01 | OK | |||
r-devel-windows-x86_64 | 1.0.1 | 5.00 | 157.00 | 162.00 | OK | |
r-patched-linux-x86_64 | 1.0.1 | 3.30 | 183.50 | 186.80 | OK | |
r-release-linux-x86_64 | 1.0.1 | 3.06 | 178.87 | 181.93 | OK | |
r-release-macos-arm64 | 1.0.1 | 90.00 | OK | |||
r-release-macos-x86_64 | 1.0.1 | 144.00 | OK | |||
r-release-windows-x86_64 | 1.0.1 | 6.00 | 162.00 | 168.00 | OK | |
r-oldrel-macos-arm64 | 1.0.1 | 61.00 | OK | |||
r-oldrel-macos-x86_64 | 1.0.1 | 139.00 | OK | |||
r-oldrel-windows-x86_64 | 1.0.1 | 7.00 | 193.00 | 200.00 | OK |
Version: 1.0.1
Check: Rd cross-references
Result: NOTE
Undeclared package ‘tidyr’ in Rd xrefs
Flavor: r-devel-linux-x86_64-fedora-clang