Last updated on 2025-02-21 19:50:33 CET.
Flavor | Version | Tinstall | Tcheck | Ttotal | Status | Flags |
---|---|---|---|---|---|---|
r-devel-linux-x86_64-debian-clang | 0.1.8 | 6.27 | 80.31 | 86.58 | NOTE | |
r-devel-linux-x86_64-debian-gcc | 0.1.8 | 4.47 | 56.12 | 60.59 | NOTE | |
r-devel-linux-x86_64-fedora-clang | 0.1.8 | 142.48 | NOTE | |||
r-devel-linux-x86_64-fedora-gcc | 0.1.8 | 142.86 | NOTE | |||
r-devel-macos-arm64 | 0.1.8 | 52.00 | NOTE | |||
r-devel-macos-x86_64 | 0.1.8 | 94.00 | NOTE | |||
r-devel-windows-x86_64 | 0.1.8 | 7.00 | 91.00 | 98.00 | NOTE | |
r-patched-linux-x86_64 | 0.1.8 | 5.46 | 72.30 | 77.76 | NOTE | |
r-release-linux-x86_64 | 0.1.8 | 6.20 | 71.68 | 77.88 | NOTE | |
r-release-macos-arm64 | 0.1.8 | 48.00 | NOTE | |||
r-release-macos-x86_64 | 0.1.8 | 75.00 | NOTE | |||
r-release-windows-x86_64 | 0.1.8 | 7.00 | 87.00 | 94.00 | NOTE | |
r-oldrel-macos-arm64 | 0.1.8 | 51.00 | OK | |||
r-oldrel-macos-x86_64 | 0.1.8 | 66.00 | OK | |||
r-oldrel-windows-x86_64 | 0.1.8 | 9.00 | 113.00 | 122.00 | OK |
Version: 0.1.8
Check: Rd files
Result: NOTE
checkRd: (-1) time_plot_event.Rd:12: Lost braces in \itemize; meant \describe ?
checkRd: (-1) time_plot_event.Rd:13: Lost braces in \itemize; meant \describe ?
checkRd: (-1) time_plot_event.Rd:14: Lost braces in \itemize; meant \describe ?
checkRd: (-1) time_plot_event.Rd:15: Lost braces in \itemize; meant \describe ?
checkRd: (-1) time_plot_event.Rd:16: Lost braces in \itemize; meant \describe ?
checkRd: (-1) time_plot_event.Rd:17: Lost braces in \itemize; meant \describe ?
checkRd: (-1) time_plot_event.Rd:18: Lost braces in \itemize; meant \describe ?
checkRd: (-1) time_plot_event.Rd:19: Lost braces in \itemize; meant \describe ?
checkRd: (-1) time_plot_interval.Rd:19: Lost braces in \itemize; meant \describe ?
checkRd: (-1) time_plot_interval.Rd:20: Lost braces in \itemize; meant \describe ?
checkRd: (-1) time_plot_interval.Rd:21: Lost braces in \itemize; meant \describe ?
checkRd: (-1) time_plot_interval.Rd:22: Lost braces in \itemize; meant \describe ?
checkRd: (-1) time_plot_interval.Rd:23: Lost braces in \itemize; meant \describe ?
Flavors: r-devel-linux-x86_64-debian-clang, r-devel-linux-x86_64-debian-gcc, r-devel-linux-x86_64-fedora-clang, r-devel-linux-x86_64-fedora-gcc, r-devel-macos-arm64, r-devel-macos-x86_64, r-devel-windows-x86_64, r-patched-linux-x86_64, r-release-linux-x86_64, r-release-macos-arm64, r-release-macos-x86_64, r-release-windows-x86_64