Last updated on 2025-04-30 01:50:28 CEST.
Flavor | Version | Tinstall | Tcheck | Ttotal | Status | Flags |
---|---|---|---|---|---|---|
r-devel-linux-x86_64-debian-clang | 1.0.4 | 8.27 | 63.14 | 71.41 | NOTE | |
r-devel-linux-x86_64-debian-gcc | 1.0.4 | 6.29 | 43.19 | 49.48 | OK | |
r-devel-linux-x86_64-fedora-clang | 1.0.4 | 107.03 | OK | |||
r-devel-linux-x86_64-fedora-gcc | 1.0.4 | 97.49 | OK | |||
r-devel-windows-x86_64 | 1.0.4 | 11.00 | 77.00 | 88.00 | OK | |
r-patched-linux-x86_64 | 1.0.4 | 8.76 | 55.57 | 64.33 | OK | |
r-release-linux-x86_64 | 1.0.4 | 6.80 | 55.88 | 62.68 | OK | |
r-release-macos-arm64 | 1.0.4 | 36.00 | OK | |||
r-release-macos-x86_64 | 1.0.4 | 82.00 | OK | |||
r-release-windows-x86_64 | 1.0.4 | 11.00 | 77.00 | 88.00 | OK | |
r-oldrel-macos-arm64 | 1.0.4 | 40.00 | OK | |||
r-oldrel-macos-x86_64 | 1.0.4 | 67.00 | OK | |||
r-oldrel-windows-x86_64 | 1.0.4 | 13.00 | 87.00 | 100.00 | OK |
Version: 1.0.4
Check: examples
Result: NOTE
Examples with CPU (user + system) or elapsed time > 5s
user system elapsed
cv.msda 8.08 0.107 9.626
Flavor: r-devel-linux-x86_64-debian-clang