Last updated on 2025-07-19 19:49:52 CEST.
Flavor | Version | Tinstall | Tcheck | Ttotal | Status | Flags |
---|---|---|---|---|---|---|
r-devel-linux-x86_64-debian-clang | 0.1.2 | 4.81 | 48.22 | 53.03 | NOTE | |
r-devel-linux-x86_64-debian-gcc | 0.1.2 | 3.98 | 36.43 | 40.41 | NOTE | |
r-devel-linux-x86_64-fedora-clang | 0.1.2 | 83.89 | OK | |||
r-devel-linux-x86_64-fedora-gcc | 0.1.2 | 90.94 | OK | |||
r-devel-windows-x86_64 | 0.1.2 | 6.00 | 64.00 | 70.00 | OK | |
r-patched-linux-x86_64 | 0.1.2 | 5.93 | 43.25 | 49.18 | OK | |
r-release-linux-x86_64 | 0.1.2 | 3.90 | 43.59 | 47.49 | OK | |
r-release-macos-arm64 | 0.1.2 | 40.00 | OK | |||
r-release-macos-x86_64 | 0.1.2 | 63.00 | OK | |||
r-release-windows-x86_64 | 0.1.2 | 6.00 | 63.00 | 69.00 | OK | |
r-oldrel-macos-arm64 | 0.1.2 | 31.00 | OK | |||
r-oldrel-macos-x86_64 | 0.1.2 | 49.00 | OK | |||
r-oldrel-windows-x86_64 | 0.1.2 | 8.00 | 78.00 | 86.00 | OK |
Version: 0.1.2
Check: CRAN incoming feasibility
Result: NOTE
Maintainer: ‘Phil Ferriere <pferriere@hotmail.com>’
Found the following (possibly) invalid file URI:
URI: ./CONDUCT.md
From: README.md
Flavors: r-devel-linux-x86_64-debian-clang, r-devel-linux-x86_64-debian-gcc