Last updated on 2025-04-29 07:50:22 CEST.
Flavor | Version | Tinstall | Tcheck | Ttotal | Status | Flags |
---|---|---|---|---|---|---|
r-devel-linux-x86_64-debian-clang | 1.5.2 | 96.54 | 134.67 | 231.21 | OK | |
r-devel-linux-x86_64-debian-gcc | 1.5.2 | 71.17 | 93.62 | 164.79 | OK | |
r-devel-linux-x86_64-fedora-clang | 1.5.2 | 452.77 | OK | |||
r-devel-linux-x86_64-fedora-gcc | 1.5.2 | 429.22 | OK | |||
r-devel-windows-x86_64 | 1.5.2 | 134.00 | 189.00 | 323.00 | OK | |
r-patched-linux-x86_64 | 1.5.2 | 101.97 | 126.43 | 228.40 | OK | |
r-release-linux-x86_64 | 1.5.2 | 101.03 | 125.78 | 226.81 | OK | |
r-release-macos-arm64 | 1.5.2 | 108.00 | OK | |||
r-release-macos-x86_64 | 1.5.2 | 156.00 | OK | |||
r-release-windows-x86_64 | 1.5.2 | 137.00 | 188.00 | 325.00 | OK | |
r-oldrel-macos-arm64 | 1.5.2 | 88.00 | NOTE | |||
r-oldrel-macos-x86_64 | 1.5.2 | 147.00 | NOTE | |||
r-oldrel-windows-x86_64 | 1.5.2 | 154.00 | 238.00 | 392.00 | OK |
Version: 1.5.2
Check: installed package size
Result: NOTE
installed size is 7.4Mb
sub-directories of 1Mb or more:
libs 5.4Mb
Flavors: r-oldrel-macos-arm64, r-oldrel-macos-x86_64