Last updated on 2025-10-31 14:49:47 CET.
| Flavor | Version | Tinstall | Tcheck | Ttotal | Status | Flags | 
|---|---|---|---|---|---|---|
| r-devel-linux-x86_64-debian-clang | 0.4-2.26 | 27.35 | 127.05 | 154.40 | NOTE | |
| r-devel-linux-x86_64-debian-gcc | 0.4-2.26 | 16.81 | 89.69 | 106.50 | NOTE | |
| r-devel-linux-x86_64-fedora-clang | 0.4-2.26 | 51.00 | 180.94 | 231.94 | OK | |
| r-devel-linux-x86_64-fedora-gcc | 0.4-2.26 | 52.00 | 178.29 | 230.29 | OK | |
| r-devel-windows-x86_64 | 0.4-2.26 | 39.00 | 172.00 | 211.00 | OK | |
| r-patched-linux-x86_64 | 0.4-2.26 | 23.05 | 122.00 | 145.05 | OK | |
| r-release-linux-x86_64 | 0.4-2.26 | 21.05 | 122.91 | 143.96 | OK | |
| r-release-macos-arm64 | 0.4-2.26 | 18.00 | 76.00 | 94.00 | OK | |
| r-release-macos-x86_64 | 0.4-2.26 | 21.00 | 131.00 | 152.00 | OK | |
| r-release-windows-x86_64 | 0.4-2.26 | 40.00 | 177.00 | 217.00 | OK | |
| r-oldrel-macos-arm64 | 0.4-2.26 | 16.00 | 64.00 | 80.00 | OK | |
| r-oldrel-macos-x86_64 | 0.4-2.26 | 27.00 | 171.00 | 198.00 | OK | |
| r-oldrel-windows-x86_64 | 0.4-2.26 | 50.00 | 210.00 | 260.00 | OK | 
Version: 0.4-2.26
Check: CRAN incoming feasibility
Result: NOTE
  Maintainer: ‘Zhu Wang <zwang145@uthsc.edu>’
  
  No Authors@R field in DESCRIPTION.
  Please add one, modifying
    Authors@R: c(person(given = "Zhu",
                        family = "Wang",
                        role = c("aut", "cre"),
                        email = "zwang145@uthsc.edu"),
                 person(given = c("with", "contributions", "from", "Achim"),
                        family = "Zeileis",
                        role = "aut"),
                 person(given = "Simon",
                        family = "Jackman",
                        role = "aut"),
                 person(given = "Brian",
                        family = "Ripley",
                        role = "aut"),
                 person(given = "Patrick",
                        family = "Breheny",
                        role = "aut"))
  as necessary.
  
  The BugReports field in DESCRIPTION has
    https://github.com/zhuwang46/mpath
  which should likely be
    https://github.com/zhuwang46/mpath/issues
  instead.
Flavors: r-devel-linux-x86_64-debian-clang, r-devel-linux-x86_64-debian-gcc